{"id":16733,"date":"2024-04-12T03:50:04","date_gmt":"2024-04-12T03:50:04","guid":{"rendered":"https:\/\/greensolarvietnam.vn\/?post_type=product&#038;p=16733"},"modified":"2024-04-12T03:50:04","modified_gmt":"2024-04-12T03:50:04","slug":"pin-luu-tru-lithium-gsl-energy-51-2v-100ah","status":"publish","type":"product","link":"https:\/\/greensolarvietnam.vn\/?product=pin-luu-tru-lithium-gsl-energy-51-2v-100ah","title":{"rendered":"PIN L\u01afU TR\u1eee LITHIUM GSL ENERGY 51.2V 100AH"},"content":{"rendered":"<p>Pin l\u01b0u tr\u1eef Lithium GSL Energy 51.2V 100Ah<\/p>\n<p>\u2013 \u0110i\u1ec7n \u00e1p 51.2V<\/p>\n<p>\u2013 Capacity: 100 Ah<\/p>\n<p>\u2013 D\u00f2ng s\u1ea1c\/x\u1ea3 max: 100A (120A\/2min, 25oC)<\/p>\n<p>\u2013 \u0110\u1ed9 x\u1ea3 s\u00e2u: 80%<\/p>\n<p>\u2013 Tr\u1ecdng l\u01b0\u1ee3ng: 46.5kg<\/p>\n<p>\u2013 B\u1ea3o h\u00e0nh: 5 n\u0103m<\/p>\n<p>\u2013 C\u00f3 m\u00e0n h\u00ecnh hi\u1ec3n th\u1ecb, lo\u1ea1i treo t\u01b0\u1eddng<\/p>\n<p>\u2013 T\u01b0\u01a1ng th\u00edch v\u1edbi nhi\u1ec1u h\u00e3ng bi\u1ebfn t\u1ea7n: Megarevo, Deye, Solis, Growatt, Goodwe, LuxPower, Sofar, SolaX, SMA, Must, SRNE,\u2026<\/p>\n","protected":false},"excerpt":{"rendered":"<p>Pin l\u01b0u tr\u1eef Lithium GSL Energy 51.2V 100Ah<\/p>\n<p>\u2013 \u0110i\u1ec7n \u00e1p 51.2V<\/p>\n<p>\u2013 Capacity: 100 Ah<\/p>\n<p>\u2013 D\u00f2ng s\u1ea1c\/x\u1ea3 max: 100A (120A\/2min, 25oC)<\/p>\n<p>\u2013 \u0110\u1ed9 x\u1ea3 s\u00e2u: 80%<\/p>\n<p>\u2013 Tr\u1ecdng l\u01b0\u1ee3ng: 46.5kg<\/p>\n<p>\u2013 B\u1ea3o h\u00e0nh: 5 n\u0103m<\/p>\n<p>\u2013 C\u00f3 m\u00e0n h\u00ecnh hi\u1ec3n th\u1ecb, lo\u1ea1i treo t\u01b0\u1eddng<\/p>\n<p>\u2013 T\u01b0\u01a1ng th\u00edch v\u1edbi nhi\u1ec1u h\u00e3ng bi\u1ebfn t\u1ea7n: Megarevo, Deye, Solis, Growatt, Goodwe, LuxPower, Sofar, SolaX, SMA, Must, SRNE,\u2026<\/p>\n","protected":false},"featured_media":16734,"comment_status":"closed","ping_status":"closed","template":"","meta":{"site-sidebar-layout":"default","site-content-layout":"default","ast-global-header-display":"","ast-main-header-display":"","ast-hfb-above-header-display":"","ast-hfb-below-header-display":"","ast-hfb-mobile-header-display":"","site-post-title":"","ast-breadcrumbs-content":"","ast-featured-img":"","footer-sml-layout":"","theme-transparent-header-meta":"default","adv-header-id-meta":"","stick-header-meta":"","header-above-stick-meta":"","header-main-stick-meta":"","header-below-stick-meta":""},"product_cat":[197],"product_tag":[],"class_list":{"0":"post-16733","1":"product","2":"type-product","3":"status-publish","4":"has-post-thumbnail","6":"product_cat-vat-tu-lap-dat-dien-mat-troi","8":"first","9":"instock","10":"shipping-taxable","11":"product-type-simple"},"yoast_head":"<!-- This site is optimized with the Yoast SEO Premium plugin v23.9 (Yoast SEO v24.4) - https:\/\/yoast.com\/wordpress\/plugins\/seo\/ -->\n<title>PIN L\u01afU TR\u1eee LITHIUM GSL ENERGY 51.2V 100AH - C\u00f4ng ty TNHH \u0111\u1ea7u t\u01b0 v\u00e0 c\u00f4ng ngh\u1ec7 Green Solar Vi\u1ec7t Nam<\/title>\n<meta name=\"robots\" content=\"index, follow, max-snippet:-1, max-image-preview:large, max-video-preview:-1\" \/>\n<link rel=\"canonical\" href=\"https:\/\/greensolarvietnam.vn\/?product=pin-luu-tru-lithium-gsl-energy-51-2v-100ah\" \/>\n<meta property=\"og:locale\" content=\"vi_VN\" \/>\n<meta property=\"og:type\" content=\"article\" \/>\n<meta property=\"og:title\" content=\"PIN L\u01afU TR\u1eee LITHIUM GSL ENERGY 51.2V 100AH\" \/>\n<meta property=\"og:description\" content=\"Pin l\u01b0u tr\u1eef Lithium GSL Energy 51.2V 100Ah  \u2013 \u0110i\u1ec7n \u00e1p 51.2V  \u2013 Capacity: 100 Ah  \u2013 D\u00f2ng s\u1ea1c\/x\u1ea3 max: 100A (120A\/2min, 25oC)  \u2013 \u0110\u1ed9 x\u1ea3 s\u00e2u: 80%  \u2013 Tr\u1ecdng l\u01b0\u1ee3ng: 46.5kg  \u2013 B\u1ea3o h\u00e0nh: 5 n\u0103m  \u2013 C\u00f3 m\u00e0n h\u00ecnh hi\u1ec3n th\u1ecb, lo\u1ea1i treo t\u01b0\u1eddng  \u2013 T\u01b0\u01a1ng th\u00edch v\u1edbi nhi\u1ec1u h\u00e3ng bi\u1ebfn t\u1ea7n: Megarevo, Deye, Solis, Growatt, Goodwe, LuxPower, Sofar, SolaX, SMA, Must, SRNE,\u2026\" \/>\n<meta property=\"og:url\" content=\"https:\/\/greensolarvietnam.vn\/?product=pin-luu-tru-lithium-gsl-energy-51-2v-100ah\" \/>\n<meta property=\"og:site_name\" content=\"C\u00f4ng ty TNHH \u0111\u1ea7u t\u01b0 v\u00e0 c\u00f4ng ngh\u1ec7 Green Solar Vi\u1ec7t Nam\" \/>\n<meta property=\"og:image\" content=\"https:\/\/greensolarvietnam.vn\/wp-content\/uploads\/2024\/04\/GSL2.jpg\" \/>\n\t<meta property=\"og:image:width\" content=\"959\" \/>\n\t<meta property=\"og:image:height\" content=\"667\" \/>\n\t<meta property=\"og:image:type\" content=\"image\/jpeg\" \/>\n<meta name=\"twitter:card\" content=\"summary_large_image\" \/>\n<script type=\"application\/ld+json\" class=\"yoast-schema-graph\">{\"@context\":\"https:\/\/schema.org\",\"@graph\":[{\"@type\":\"WebPage\",\"@id\":\"https:\/\/greensolarvietnam.vn\/?product=pin-luu-tru-lithium-gsl-energy-51-2v-100ah\",\"url\":\"https:\/\/greensolarvietnam.vn\/?product=pin-luu-tru-lithium-gsl-energy-51-2v-100ah\",\"name\":\"PIN L\u01afU TR\u1eee LITHIUM GSL ENERGY 51.2V 100AH - C\u00f4ng ty TNHH \u0111\u1ea7u t\u01b0 v\u00e0 c\u00f4ng ngh\u1ec7 Green Solar Vi\u1ec7t Nam\",\"isPartOf\":{\"@id\":\"https:\/\/greensolarvietnam.vn\/#website\"},\"primaryImageOfPage\":{\"@id\":\"https:\/\/greensolarvietnam.vn\/?product=pin-luu-tru-lithium-gsl-energy-51-2v-100ah#primaryimage\"},\"image\":{\"@id\":\"https:\/\/greensolarvietnam.vn\/?product=pin-luu-tru-lithium-gsl-energy-51-2v-100ah#primaryimage\"},\"thumbnailUrl\":\"https:\/\/greensolarvietnam.vn\/wp-content\/uploads\/2024\/04\/GSL2.jpg\",\"datePublished\":\"2024-04-12T03:50:04+00:00\",\"breadcrumb\":{\"@id\":\"https:\/\/greensolarvietnam.vn\/?product=pin-luu-tru-lithium-gsl-energy-51-2v-100ah#breadcrumb\"},\"inLanguage\":\"vi\",\"potentialAction\":[{\"@type\":\"ReadAction\",\"target\":[\"https:\/\/greensolarvietnam.vn\/?product=pin-luu-tru-lithium-gsl-energy-51-2v-100ah\"]}]},{\"@type\":\"ImageObject\",\"inLanguage\":\"vi\",\"@id\":\"https:\/\/greensolarvietnam.vn\/?product=pin-luu-tru-lithium-gsl-energy-51-2v-100ah#primaryimage\",\"url\":\"https:\/\/greensolarvietnam.vn\/wp-content\/uploads\/2024\/04\/GSL2.jpg\",\"contentUrl\":\"https:\/\/greensolarvietnam.vn\/wp-content\/uploads\/2024\/04\/GSL2.jpg\",\"width\":959,\"height\":667},{\"@type\":\"BreadcrumbList\",\"@id\":\"https:\/\/greensolarvietnam.vn\/?product=pin-luu-tru-lithium-gsl-energy-51-2v-100ah#breadcrumb\",\"itemListElement\":[{\"@type\":\"ListItem\",\"position\":1,\"name\":\"Trang ch\u1ee7\",\"item\":\"https:\/\/greensolarvietnam.vn\/\"},{\"@type\":\"ListItem\",\"position\":2,\"name\":\"S\u1ea3n ph\u1ea9m\",\"item\":\"https:\/\/greensolarvietnam.vn\/?post_type=product\"},{\"@type\":\"ListItem\",\"position\":3,\"name\":\"PIN L\u01afU TR\u1eee LITHIUM GSL ENERGY 51.2V 100AH\"}]},{\"@type\":\"WebSite\",\"@id\":\"https:\/\/greensolarvietnam.vn\/#website\",\"url\":\"https:\/\/greensolarvietnam.vn\/\",\"name\":\"C\u00f4ng ty TNHH \u0111\u1ea7u t\u01b0 v\u00e0 c\u00f4ng ngh\u1ec7 Green Solar Vi\u1ec7t Nam\",\"description\":\"C\u00f4ng ty TNHH \u0111\u1ea7u t\u01b0 v\u00e0 c\u00f4ng ngh\u1ec7 Green Solar Vi\u1ec7t Nam\",\"publisher\":{\"@id\":\"https:\/\/greensolarvietnam.vn\/#organization\"},\"potentialAction\":[{\"@type\":\"SearchAction\",\"target\":{\"@type\":\"EntryPoint\",\"urlTemplate\":\"https:\/\/greensolarvietnam.vn\/?s={search_term_string}\"},\"query-input\":{\"@type\":\"PropertyValueSpecification\",\"valueRequired\":true,\"valueName\":\"search_term_string\"}}],\"inLanguage\":\"vi\"},{\"@type\":\"Organization\",\"@id\":\"https:\/\/greensolarvietnam.vn\/#organization\",\"name\":\"C\u00f4ng ty TNHH \u0111\u1ea7u t\u01b0 v\u00e0 c\u00f4ng ngh\u1ec7 Green Solar Vi\u1ec7t Nam\",\"url\":\"https:\/\/greensolarvietnam.vn\/\",\"logo\":{\"@type\":\"ImageObject\",\"inLanguage\":\"vi\",\"@id\":\"https:\/\/greensolarvietnam.vn\/#\/schema\/logo\/image\/\",\"url\":\"https:\/\/greensolarvietnam.vn\/wp-content\/uploads\/2025\/08\/cropped-cropped-cropped-Logo-163x68-1.png\",\"contentUrl\":\"https:\/\/greensolarvietnam.vn\/wp-content\/uploads\/2025\/08\/cropped-cropped-cropped-Logo-163x68-1.png\",\"width\":163,\"height\":55,\"caption\":\"C\u00f4ng ty TNHH \u0111\u1ea7u t\u01b0 v\u00e0 c\u00f4ng ngh\u1ec7 Green Solar Vi\u1ec7t Nam\"},\"image\":{\"@id\":\"https:\/\/greensolarvietnam.vn\/#\/schema\/logo\/image\/\"}}]}<\/script>\n<!-- \/ Yoast SEO Premium plugin. -->","yoast_head_json":{"title":"PIN L\u01afU TR\u1eee LITHIUM GSL ENERGY 51.2V 100AH - C\u00f4ng ty TNHH \u0111\u1ea7u t\u01b0 v\u00e0 c\u00f4ng ngh\u1ec7 Green Solar Vi\u1ec7t Nam","robots":{"index":"index","follow":"follow","max-snippet":"max-snippet:-1","max-image-preview":"max-image-preview:large","max-video-preview":"max-video-preview:-1"},"canonical":"https:\/\/greensolarvietnam.vn\/?product=pin-luu-tru-lithium-gsl-energy-51-2v-100ah","og_locale":"vi_VN","og_type":"article","og_title":"PIN L\u01afU TR\u1eee LITHIUM GSL ENERGY 51.2V 100AH","og_description":"Pin l\u01b0u tr\u1eef Lithium GSL Energy 51.2V 100Ah  \u2013 \u0110i\u1ec7n \u00e1p 51.2V  \u2013 Capacity: 100 Ah  \u2013 D\u00f2ng s\u1ea1c\/x\u1ea3 max: 100A (120A\/2min, 25oC)  \u2013 \u0110\u1ed9 x\u1ea3 s\u00e2u: 80%  \u2013 Tr\u1ecdng l\u01b0\u1ee3ng: 46.5kg  \u2013 B\u1ea3o h\u00e0nh: 5 n\u0103m  \u2013 C\u00f3 m\u00e0n h\u00ecnh hi\u1ec3n th\u1ecb, lo\u1ea1i treo t\u01b0\u1eddng  \u2013 T\u01b0\u01a1ng th\u00edch v\u1edbi nhi\u1ec1u h\u00e3ng bi\u1ebfn t\u1ea7n: Megarevo, Deye, Solis, Growatt, Goodwe, LuxPower, Sofar, SolaX, SMA, Must, SRNE,\u2026","og_url":"https:\/\/greensolarvietnam.vn\/?product=pin-luu-tru-lithium-gsl-energy-51-2v-100ah","og_site_name":"C\u00f4ng ty TNHH \u0111\u1ea7u t\u01b0 v\u00e0 c\u00f4ng ngh\u1ec7 Green Solar Vi\u1ec7t Nam","og_image":[{"width":959,"height":667,"url":"https:\/\/greensolarvietnam.vn\/wp-content\/uploads\/2024\/04\/GSL2.jpg","type":"image\/jpeg"}],"twitter_card":"summary_large_image","schema":{"@context":"https:\/\/schema.org","@graph":[{"@type":"WebPage","@id":"https:\/\/greensolarvietnam.vn\/?product=pin-luu-tru-lithium-gsl-energy-51-2v-100ah","url":"https:\/\/greensolarvietnam.vn\/?product=pin-luu-tru-lithium-gsl-energy-51-2v-100ah","name":"PIN L\u01afU TR\u1eee LITHIUM GSL ENERGY 51.2V 100AH - C\u00f4ng ty TNHH \u0111\u1ea7u t\u01b0 v\u00e0 c\u00f4ng ngh\u1ec7 Green Solar Vi\u1ec7t Nam","isPartOf":{"@id":"https:\/\/greensolarvietnam.vn\/#website"},"primaryImageOfPage":{"@id":"https:\/\/greensolarvietnam.vn\/?product=pin-luu-tru-lithium-gsl-energy-51-2v-100ah#primaryimage"},"image":{"@id":"https:\/\/greensolarvietnam.vn\/?product=pin-luu-tru-lithium-gsl-energy-51-2v-100ah#primaryimage"},"thumbnailUrl":"https:\/\/greensolarvietnam.vn\/wp-content\/uploads\/2024\/04\/GSL2.jpg","datePublished":"2024-04-12T03:50:04+00:00","breadcrumb":{"@id":"https:\/\/greensolarvietnam.vn\/?product=pin-luu-tru-lithium-gsl-energy-51-2v-100ah#breadcrumb"},"inLanguage":"vi","potentialAction":[{"@type":"ReadAction","target":["https:\/\/greensolarvietnam.vn\/?product=pin-luu-tru-lithium-gsl-energy-51-2v-100ah"]}]},{"@type":"ImageObject","inLanguage":"vi","@id":"https:\/\/greensolarvietnam.vn\/?product=pin-luu-tru-lithium-gsl-energy-51-2v-100ah#primaryimage","url":"https:\/\/greensolarvietnam.vn\/wp-content\/uploads\/2024\/04\/GSL2.jpg","contentUrl":"https:\/\/greensolarvietnam.vn\/wp-content\/uploads\/2024\/04\/GSL2.jpg","width":959,"height":667},{"@type":"BreadcrumbList","@id":"https:\/\/greensolarvietnam.vn\/?product=pin-luu-tru-lithium-gsl-energy-51-2v-100ah#breadcrumb","itemListElement":[{"@type":"ListItem","position":1,"name":"Trang ch\u1ee7","item":"https:\/\/greensolarvietnam.vn\/"},{"@type":"ListItem","position":2,"name":"S\u1ea3n ph\u1ea9m","item":"https:\/\/greensolarvietnam.vn\/?post_type=product"},{"@type":"ListItem","position":3,"name":"PIN L\u01afU TR\u1eee LITHIUM GSL ENERGY 51.2V 100AH"}]},{"@type":"WebSite","@id":"https:\/\/greensolarvietnam.vn\/#website","url":"https:\/\/greensolarvietnam.vn\/","name":"C\u00f4ng ty TNHH \u0111\u1ea7u t\u01b0 v\u00e0 c\u00f4ng ngh\u1ec7 Green Solar Vi\u1ec7t Nam","description":"C\u00f4ng ty TNHH \u0111\u1ea7u t\u01b0 v\u00e0 c\u00f4ng ngh\u1ec7 Green Solar Vi\u1ec7t Nam","publisher":{"@id":"https:\/\/greensolarvietnam.vn\/#organization"},"potentialAction":[{"@type":"SearchAction","target":{"@type":"EntryPoint","urlTemplate":"https:\/\/greensolarvietnam.vn\/?s={search_term_string}"},"query-input":{"@type":"PropertyValueSpecification","valueRequired":true,"valueName":"search_term_string"}}],"inLanguage":"vi"},{"@type":"Organization","@id":"https:\/\/greensolarvietnam.vn\/#organization","name":"C\u00f4ng ty TNHH \u0111\u1ea7u t\u01b0 v\u00e0 c\u00f4ng ngh\u1ec7 Green Solar Vi\u1ec7t Nam","url":"https:\/\/greensolarvietnam.vn\/","logo":{"@type":"ImageObject","inLanguage":"vi","@id":"https:\/\/greensolarvietnam.vn\/#\/schema\/logo\/image\/","url":"https:\/\/greensolarvietnam.vn\/wp-content\/uploads\/2025\/08\/cropped-cropped-cropped-Logo-163x68-1.png","contentUrl":"https:\/\/greensolarvietnam.vn\/wp-content\/uploads\/2025\/08\/cropped-cropped-cropped-Logo-163x68-1.png","width":163,"height":55,"caption":"C\u00f4ng ty TNHH \u0111\u1ea7u t\u01b0 v\u00e0 c\u00f4ng ngh\u1ec7 Green Solar Vi\u1ec7t Nam"},"image":{"@id":"https:\/\/greensolarvietnam.vn\/#\/schema\/logo\/image\/"}}]}},"_links":{"self":[{"href":"https:\/\/greensolarvietnam.vn\/index.php?rest_route=\/wp\/v2\/product\/16733","targetHints":{"allow":["GET"]}}],"collection":[{"href":"https:\/\/greensolarvietnam.vn\/index.php?rest_route=\/wp\/v2\/product"}],"about":[{"href":"https:\/\/greensolarvietnam.vn\/index.php?rest_route=\/wp\/v2\/types\/product"}],"replies":[{"embeddable":true,"href":"https:\/\/greensolarvietnam.vn\/index.php?rest_route=%2Fwp%2Fv2%2Fcomments&post=16733"}],"wp:featuredmedia":[{"embeddable":true,"href":"https:\/\/greensolarvietnam.vn\/index.php?rest_route=\/wp\/v2\/media\/16734"}],"wp:attachment":[{"href":"https:\/\/greensolarvietnam.vn\/index.php?rest_route=%2Fwp%2Fv2%2Fmedia&parent=16733"}],"wp:term":[{"taxonomy":"product_cat","embeddable":true,"href":"https:\/\/greensolarvietnam.vn\/index.php?rest_route=%2Fwp%2Fv2%2Fproduct_cat&post=16733"},{"taxonomy":"product_tag","embeddable":true,"href":"https:\/\/greensolarvietnam.vn\/index.php?rest_route=%2Fwp%2Fv2%2Fproduct_tag&post=16733"}],"curies":[{"name":"wp","href":"https:\/\/api.w.org\/{rel}","templated":true}]}}