{"id":16738,"date":"2024-04-12T03:52:28","date_gmt":"2024-04-12T03:52:28","guid":{"rendered":"https:\/\/greensolarvietnam.vn\/?post_type=product&#038;p=16738"},"modified":"2024-04-12T03:52:28","modified_gmt":"2024-04-12T03:52:28","slug":"chong-set-protec-t2-350-31","status":"publish","type":"product","link":"https:\/\/greensolarvietnam.vn\/?product=chong-set-protec-t2-350-31","title":{"rendered":"CH\u1ed0NG S\u00c9T PROTEC T2-350-3+1"},"content":{"rendered":"<p>Raycap\u00a0ProTec T2 3+1 l\u00e0 d\u00f2ng b\u1ea3o v\u1ec7 ch\u1ed1ng s\u00e9t ch\u1ed1ng qu\u00e1 \u00e1p 3 pha, b\u1ea3o v\u1ec7 th\u1ee9 c\u1ea5p (Type 2)<\/p>\n<ul>\n<li>Kh\u1ea3 n\u0103ng c\u1eaft d\u00f2ng s\u00e9t \u0111\u1ecbnh m\u1ee9c (In)\u00a0<em>8\/20 \u03bcs<\/em>: 20kA\/40kA\u00a0(L-N) \/ (N-PE)<\/li>\n<li>Kh\u1ea3 n\u0103ng c\u1eaft d\u00f2ng s\u00e9t t\u1ed1i \u0111a m\u1ed7i c\u1ef1c (Imax)\u00a0<em>Xung 8\/20 \u03bcs<\/em>: 50kA\/65kA\u00a0(L-N) \/ (N-PE)<\/li>\n<li>M\u1ee9c \u0111i\u1ec7n \u00e1p b\u1ea3o v\u1ec7 Up: 1.5kV<\/li>\n<li>D\u00f2ng ng\u1eafn m\u1ea1ch cho ph\u00e9p: 25kA\/50kA<\/li>\n<li>V\u1ecb tr\u00ed l\u1eafp \u0111\u1eb7t:\u00a0\u0110\u1ea7u v\u00e0o t\u1ee7 c\u1ea5p ngu\u1ed3n nh\u1ecf, tr\u1ef1c ti\u1ebfp c\u1ea5p ngu\u1ed3n cho ph\u1ee5 t\u1ea3i.<\/li>\n<li>Lo\u1ea1i m\u1ea1ng 3 pha: TT, TN-S<\/li>\n<li>Ch\u1ebf \u0111\u1ed9 b\u1ea3o v\u1ec7: L \u2013 N, N \u2013 PE<\/li>\n<li>L\u1edbp b\u1ea3o v\u1ec7: Class II\/ Type 2\/Type 1CA<\/li>\n<li>C\u00f4ng ngh\u1ec7: MOV<\/li>\n<li>Thi\u1ebft k\u1ebf:\u00a0Pluggable Design<\/li>\n<li>Ti\u00eau chu\u1ea9n s\u1ea3n xu\u1ea5t: IEC 61643-11:2011, EN 61643-11:2012,\u00a0UL 1449 4th Edition<\/li>\n<\/ul>\n","protected":false},"excerpt":{"rendered":"<p>Raycap\u00a0ProTec T2 3+1 l\u00e0 d\u00f2ng b\u1ea3o v\u1ec7 ch\u1ed1ng s\u00e9t ch\u1ed1ng qu\u00e1 \u00e1p 3 pha, b\u1ea3o v\u1ec7 th\u1ee9 c\u1ea5p (Type 2)<\/p>\n<ul>\n<li>Kh\u1ea3 n\u0103ng c\u1eaft d\u00f2ng s\u00e9t \u0111\u1ecbnh m\u1ee9c (In)\u00a0<em>8\/20 \u03bcs<\/em>: 20kA\/40kA\u00a0(L-N) \/ (N-PE)<\/li>\n<li>Kh\u1ea3 n\u0103ng c\u1eaft d\u00f2ng s\u00e9t t\u1ed1i \u0111a m\u1ed7i c\u1ef1c (Imax)\u00a0<em>Xung 8\/20 \u03bcs<\/em>: 50kA\/65kA\u00a0(L-N) \/ (N-PE)<\/li>\n<li>M\u1ee9c \u0111i\u1ec7n \u00e1p b\u1ea3o v\u1ec7 Up: 1.5kV<\/li>\n<li>D\u00f2ng ng\u1eafn m\u1ea1ch cho ph\u00e9p: 25kA\/50kA<\/li>\n<li>V\u1ecb tr\u00ed l\u1eafp \u0111\u1eb7t:\u00a0\u0110\u1ea7u v\u00e0o t\u1ee7 c\u1ea5p ngu\u1ed3n nh\u1ecf, tr\u1ef1c ti\u1ebfp c\u1ea5p ngu\u1ed3n cho ph\u1ee5 t\u1ea3i.<\/li>\n<li>Lo\u1ea1i m\u1ea1ng 3 pha: TT, TN-S<\/li>\n<li>Ch\u1ebf \u0111\u1ed9 b\u1ea3o v\u1ec7: L \u2013 N, N \u2013 PE<\/li>\n<li>L\u1edbp b\u1ea3o v\u1ec7: Class II\/ Type 2\/Type 1CA<\/li>\n<li>C\u00f4ng ngh\u1ec7: MOV<\/li>\n<li>Thi\u1ebft k\u1ebf:\u00a0Pluggable Design<\/li>\n<li>Ti\u00eau chu\u1ea9n s\u1ea3n xu\u1ea5t: IEC 61643-11:2011, EN 61643-11:2012,\u00a0UL 1449 4th Edition<\/li>\n<\/ul>\n","protected":false},"featured_media":16739,"comment_status":"closed","ping_status":"closed","template":"","meta":{"site-sidebar-layout":"default","site-content-layout":"default","ast-global-header-display":"","ast-main-header-display":"","ast-hfb-above-header-display":"","ast-hfb-below-header-display":"","ast-hfb-mobile-header-display":"","site-post-title":"","ast-breadcrumbs-content":"","ast-featured-img":"","footer-sml-layout":"","theme-transparent-header-meta":"default","adv-header-id-meta":"","stick-header-meta":"","header-above-stick-meta":"","header-main-stick-meta":"","header-below-stick-meta":""},"product_cat":[197],"product_tag":[],"class_list":{"0":"post-16738","1":"product","2":"type-product","3":"status-publish","4":"has-post-thumbnail","6":"product_cat-vat-tu-lap-dat-dien-mat-troi","8":"first","9":"instock","10":"shipping-taxable","11":"product-type-simple"},"yoast_head":"<!-- This site is optimized with the Yoast SEO Premium plugin v23.9 (Yoast SEO v24.4) - https:\/\/yoast.com\/wordpress\/plugins\/seo\/ -->\n<title>CH\u1ed0NG S\u00c9T PROTEC T2-350-3+1 - C\u00f4ng ty TNHH \u0111\u1ea7u t\u01b0 v\u00e0 c\u00f4ng ngh\u1ec7 Green Solar Vi\u1ec7t Nam<\/title>\n<meta name=\"robots\" content=\"index, follow, max-snippet:-1, max-image-preview:large, max-video-preview:-1\" \/>\n<link rel=\"canonical\" href=\"https:\/\/greensolarvietnam.vn\/?product=chong-set-protec-t2-350-31\" \/>\n<meta property=\"og:locale\" content=\"vi_VN\" \/>\n<meta property=\"og:type\" content=\"article\" \/>\n<meta property=\"og:title\" content=\"CH\u1ed0NG S\u00c9T PROTEC T2-350-3+1\" \/>\n<meta property=\"og:description\" content=\"Raycap\u00a0ProTec T2 3+1 l\u00e0 d\u00f2ng b\u1ea3o v\u1ec7 ch\u1ed1ng s\u00e9t ch\u1ed1ng qu\u00e1 \u00e1p 3 pha, b\u1ea3o v\u1ec7 th\u1ee9 c\u1ea5p (Type 2)   Kh\u1ea3 n\u0103ng c\u1eaft d\u00f2ng s\u00e9t \u0111\u1ecbnh m\u1ee9c (In)\u00a08\/20 \u03bcs: 20kA\/40kA\u00a0(L-N) \/ (N-PE)  Kh\u1ea3 n\u0103ng c\u1eaft d\u00f2ng s\u00e9t t\u1ed1i \u0111a m\u1ed7i c\u1ef1c (Imax)\u00a0Xung 8\/20 \u03bcs: 50kA\/65kA\u00a0(L-N) \/ (N-PE)  M\u1ee9c \u0111i\u1ec7n \u00e1p b\u1ea3o v\u1ec7 Up: 1.5kV  D\u00f2ng ng\u1eafn m\u1ea1ch cho ph\u00e9p: 25kA\/50kA  V\u1ecb tr\u00ed l\u1eafp \u0111\u1eb7t:\u00a0\u0110\u1ea7u v\u00e0o t\u1ee7 c\u1ea5p ngu\u1ed3n nh\u1ecf, tr\u1ef1c ti\u1ebfp c\u1ea5p ngu\u1ed3n cho ph\u1ee5 t\u1ea3i.  Lo\u1ea1i m\u1ea1ng 3 pha: TT, TN-S  Ch\u1ebf \u0111\u1ed9 b\u1ea3o v\u1ec7: L \u2013 N, N \u2013 PE  L\u1edbp b\u1ea3o v\u1ec7: Class II\/ Type 2\/Type 1CA  C\u00f4ng ngh\u1ec7: MOV  Thi\u1ebft k\u1ebf:\u00a0Pluggable Design  Ti\u00eau chu\u1ea9n s\u1ea3n xu\u1ea5t: IEC 61643-11:2011, EN 61643-11:2012,\u00a0UL 1449 4th Edition\" \/>\n<meta property=\"og:url\" content=\"https:\/\/greensolarvietnam.vn\/?product=chong-set-protec-t2-350-31\" \/>\n<meta property=\"og:site_name\" content=\"C\u00f4ng ty TNHH \u0111\u1ea7u t\u01b0 v\u00e0 c\u00f4ng ngh\u1ec7 Green Solar Vi\u1ec7t Nam\" \/>\n<meta property=\"og:image\" content=\"https:\/\/greensolarvietnam.vn\/wp-content\/uploads\/2024\/04\/vat-ti-chung-set.jpg\" \/>\n\t<meta property=\"og:image:width\" content=\"800\" \/>\n\t<meta property=\"og:image:height\" content=\"673\" \/>\n\t<meta property=\"og:image:type\" content=\"image\/jpeg\" \/>\n<meta name=\"twitter:card\" content=\"summary_large_image\" \/>\n<meta name=\"twitter:label1\" content=\"\u01af\u1edbc t\u00ednh th\u1eddi gian \u0111\u1ecdc\" \/>\n\t<meta name=\"twitter:data1\" content=\"1 ph\u00fat\" \/>\n<script type=\"application\/ld+json\" class=\"yoast-schema-graph\">{\"@context\":\"https:\/\/schema.org\",\"@graph\":[{\"@type\":\"WebPage\",\"@id\":\"https:\/\/greensolarvietnam.vn\/?product=chong-set-protec-t2-350-31\",\"url\":\"https:\/\/greensolarvietnam.vn\/?product=chong-set-protec-t2-350-31\",\"name\":\"CH\u1ed0NG S\u00c9T PROTEC T2-350-3+1 - C\u00f4ng ty TNHH \u0111\u1ea7u t\u01b0 v\u00e0 c\u00f4ng ngh\u1ec7 Green Solar Vi\u1ec7t Nam\",\"isPartOf\":{\"@id\":\"https:\/\/greensolarvietnam.vn\/#website\"},\"primaryImageOfPage\":{\"@id\":\"https:\/\/greensolarvietnam.vn\/?product=chong-set-protec-t2-350-31#primaryimage\"},\"image\":{\"@id\":\"https:\/\/greensolarvietnam.vn\/?product=chong-set-protec-t2-350-31#primaryimage\"},\"thumbnailUrl\":\"https:\/\/greensolarvietnam.vn\/wp-content\/uploads\/2024\/04\/vat-ti-chung-set.jpg\",\"datePublished\":\"2024-04-12T03:52:28+00:00\",\"breadcrumb\":{\"@id\":\"https:\/\/greensolarvietnam.vn\/?product=chong-set-protec-t2-350-31#breadcrumb\"},\"inLanguage\":\"vi\",\"potentialAction\":[{\"@type\":\"ReadAction\",\"target\":[\"https:\/\/greensolarvietnam.vn\/?product=chong-set-protec-t2-350-31\"]}]},{\"@type\":\"ImageObject\",\"inLanguage\":\"vi\",\"@id\":\"https:\/\/greensolarvietnam.vn\/?product=chong-set-protec-t2-350-31#primaryimage\",\"url\":\"https:\/\/greensolarvietnam.vn\/wp-content\/uploads\/2024\/04\/vat-ti-chung-set.jpg\",\"contentUrl\":\"https:\/\/greensolarvietnam.vn\/wp-content\/uploads\/2024\/04\/vat-ti-chung-set.jpg\",\"width\":800,\"height\":673},{\"@type\":\"BreadcrumbList\",\"@id\":\"https:\/\/greensolarvietnam.vn\/?product=chong-set-protec-t2-350-31#breadcrumb\",\"itemListElement\":[{\"@type\":\"ListItem\",\"position\":1,\"name\":\"Trang ch\u1ee7\",\"item\":\"https:\/\/greensolarvietnam.vn\/\"},{\"@type\":\"ListItem\",\"position\":2,\"name\":\"S\u1ea3n ph\u1ea9m\",\"item\":\"https:\/\/greensolarvietnam.vn\/?post_type=product\"},{\"@type\":\"ListItem\",\"position\":3,\"name\":\"CH\u1ed0NG S\u00c9T PROTEC T2-350-3+1\"}]},{\"@type\":\"WebSite\",\"@id\":\"https:\/\/greensolarvietnam.vn\/#website\",\"url\":\"https:\/\/greensolarvietnam.vn\/\",\"name\":\"C\u00f4ng ty TNHH \u0111\u1ea7u t\u01b0 v\u00e0 c\u00f4ng ngh\u1ec7 Green Solar Vi\u1ec7t Nam\",\"description\":\"C\u00f4ng ty TNHH \u0111\u1ea7u t\u01b0 v\u00e0 c\u00f4ng ngh\u1ec7 Green Solar Vi\u1ec7t Nam\",\"publisher\":{\"@id\":\"https:\/\/greensolarvietnam.vn\/#organization\"},\"potentialAction\":[{\"@type\":\"SearchAction\",\"target\":{\"@type\":\"EntryPoint\",\"urlTemplate\":\"https:\/\/greensolarvietnam.vn\/?s={search_term_string}\"},\"query-input\":{\"@type\":\"PropertyValueSpecification\",\"valueRequired\":true,\"valueName\":\"search_term_string\"}}],\"inLanguage\":\"vi\"},{\"@type\":\"Organization\",\"@id\":\"https:\/\/greensolarvietnam.vn\/#organization\",\"name\":\"C\u00f4ng ty TNHH \u0111\u1ea7u t\u01b0 v\u00e0 c\u00f4ng ngh\u1ec7 Green Solar Vi\u1ec7t Nam\",\"url\":\"https:\/\/greensolarvietnam.vn\/\",\"logo\":{\"@type\":\"ImageObject\",\"inLanguage\":\"vi\",\"@id\":\"https:\/\/greensolarvietnam.vn\/#\/schema\/logo\/image\/\",\"url\":\"https:\/\/greensolarvietnam.vn\/wp-content\/uploads\/2025\/08\/cropped-cropped-cropped-Logo-163x68-1.png\",\"contentUrl\":\"https:\/\/greensolarvietnam.vn\/wp-content\/uploads\/2025\/08\/cropped-cropped-cropped-Logo-163x68-1.png\",\"width\":163,\"height\":55,\"caption\":\"C\u00f4ng ty TNHH \u0111\u1ea7u t\u01b0 v\u00e0 c\u00f4ng ngh\u1ec7 Green Solar Vi\u1ec7t Nam\"},\"image\":{\"@id\":\"https:\/\/greensolarvietnam.vn\/#\/schema\/logo\/image\/\"}}]}<\/script>\n<!-- \/ Yoast SEO Premium plugin. -->","yoast_head_json":{"title":"CH\u1ed0NG S\u00c9T PROTEC T2-350-3+1 - C\u00f4ng ty TNHH \u0111\u1ea7u t\u01b0 v\u00e0 c\u00f4ng ngh\u1ec7 Green Solar Vi\u1ec7t Nam","robots":{"index":"index","follow":"follow","max-snippet":"max-snippet:-1","max-image-preview":"max-image-preview:large","max-video-preview":"max-video-preview:-1"},"canonical":"https:\/\/greensolarvietnam.vn\/?product=chong-set-protec-t2-350-31","og_locale":"vi_VN","og_type":"article","og_title":"CH\u1ed0NG S\u00c9T PROTEC T2-350-3+1","og_description":"Raycap\u00a0ProTec T2 3+1 l\u00e0 d\u00f2ng b\u1ea3o v\u1ec7 ch\u1ed1ng s\u00e9t ch\u1ed1ng qu\u00e1 \u00e1p 3 pha, b\u1ea3o v\u1ec7 th\u1ee9 c\u1ea5p (Type 2)   Kh\u1ea3 n\u0103ng c\u1eaft d\u00f2ng s\u00e9t \u0111\u1ecbnh m\u1ee9c (In)\u00a08\/20 \u03bcs: 20kA\/40kA\u00a0(L-N) \/ (N-PE)  Kh\u1ea3 n\u0103ng c\u1eaft d\u00f2ng s\u00e9t t\u1ed1i \u0111a m\u1ed7i c\u1ef1c (Imax)\u00a0Xung 8\/20 \u03bcs: 50kA\/65kA\u00a0(L-N) \/ (N-PE)  M\u1ee9c \u0111i\u1ec7n \u00e1p b\u1ea3o v\u1ec7 Up: 1.5kV  D\u00f2ng ng\u1eafn m\u1ea1ch cho ph\u00e9p: 25kA\/50kA  V\u1ecb tr\u00ed l\u1eafp \u0111\u1eb7t:\u00a0\u0110\u1ea7u v\u00e0o t\u1ee7 c\u1ea5p ngu\u1ed3n nh\u1ecf, tr\u1ef1c ti\u1ebfp c\u1ea5p ngu\u1ed3n cho ph\u1ee5 t\u1ea3i.  Lo\u1ea1i m\u1ea1ng 3 pha: TT, TN-S  Ch\u1ebf \u0111\u1ed9 b\u1ea3o v\u1ec7: L \u2013 N, N \u2013 PE  L\u1edbp b\u1ea3o v\u1ec7: Class II\/ Type 2\/Type 1CA  C\u00f4ng ngh\u1ec7: MOV  Thi\u1ebft k\u1ebf:\u00a0Pluggable Design  Ti\u00eau chu\u1ea9n s\u1ea3n xu\u1ea5t: IEC 61643-11:2011, EN 61643-11:2012,\u00a0UL 1449 4th Edition","og_url":"https:\/\/greensolarvietnam.vn\/?product=chong-set-protec-t2-350-31","og_site_name":"C\u00f4ng ty TNHH \u0111\u1ea7u t\u01b0 v\u00e0 c\u00f4ng ngh\u1ec7 Green Solar Vi\u1ec7t Nam","og_image":[{"width":800,"height":673,"url":"https:\/\/greensolarvietnam.vn\/wp-content\/uploads\/2024\/04\/vat-ti-chung-set.jpg","type":"image\/jpeg"}],"twitter_card":"summary_large_image","twitter_misc":{"\u01af\u1edbc t\u00ednh th\u1eddi gian \u0111\u1ecdc":"1 ph\u00fat"},"schema":{"@context":"https:\/\/schema.org","@graph":[{"@type":"WebPage","@id":"https:\/\/greensolarvietnam.vn\/?product=chong-set-protec-t2-350-31","url":"https:\/\/greensolarvietnam.vn\/?product=chong-set-protec-t2-350-31","name":"CH\u1ed0NG S\u00c9T PROTEC T2-350-3+1 - C\u00f4ng ty TNHH \u0111\u1ea7u t\u01b0 v\u00e0 c\u00f4ng ngh\u1ec7 Green Solar Vi\u1ec7t Nam","isPartOf":{"@id":"https:\/\/greensolarvietnam.vn\/#website"},"primaryImageOfPage":{"@id":"https:\/\/greensolarvietnam.vn\/?product=chong-set-protec-t2-350-31#primaryimage"},"image":{"@id":"https:\/\/greensolarvietnam.vn\/?product=chong-set-protec-t2-350-31#primaryimage"},"thumbnailUrl":"https:\/\/greensolarvietnam.vn\/wp-content\/uploads\/2024\/04\/vat-ti-chung-set.jpg","datePublished":"2024-04-12T03:52:28+00:00","breadcrumb":{"@id":"https:\/\/greensolarvietnam.vn\/?product=chong-set-protec-t2-350-31#breadcrumb"},"inLanguage":"vi","potentialAction":[{"@type":"ReadAction","target":["https:\/\/greensolarvietnam.vn\/?product=chong-set-protec-t2-350-31"]}]},{"@type":"ImageObject","inLanguage":"vi","@id":"https:\/\/greensolarvietnam.vn\/?product=chong-set-protec-t2-350-31#primaryimage","url":"https:\/\/greensolarvietnam.vn\/wp-content\/uploads\/2024\/04\/vat-ti-chung-set.jpg","contentUrl":"https:\/\/greensolarvietnam.vn\/wp-content\/uploads\/2024\/04\/vat-ti-chung-set.jpg","width":800,"height":673},{"@type":"BreadcrumbList","@id":"https:\/\/greensolarvietnam.vn\/?product=chong-set-protec-t2-350-31#breadcrumb","itemListElement":[{"@type":"ListItem","position":1,"name":"Trang ch\u1ee7","item":"https:\/\/greensolarvietnam.vn\/"},{"@type":"ListItem","position":2,"name":"S\u1ea3n ph\u1ea9m","item":"https:\/\/greensolarvietnam.vn\/?post_type=product"},{"@type":"ListItem","position":3,"name":"CH\u1ed0NG S\u00c9T PROTEC T2-350-3+1"}]},{"@type":"WebSite","@id":"https:\/\/greensolarvietnam.vn\/#website","url":"https:\/\/greensolarvietnam.vn\/","name":"C\u00f4ng ty TNHH \u0111\u1ea7u t\u01b0 v\u00e0 c\u00f4ng ngh\u1ec7 Green Solar Vi\u1ec7t Nam","description":"C\u00f4ng ty TNHH \u0111\u1ea7u t\u01b0 v\u00e0 c\u00f4ng ngh\u1ec7 Green Solar Vi\u1ec7t Nam","publisher":{"@id":"https:\/\/greensolarvietnam.vn\/#organization"},"potentialAction":[{"@type":"SearchAction","target":{"@type":"EntryPoint","urlTemplate":"https:\/\/greensolarvietnam.vn\/?s={search_term_string}"},"query-input":{"@type":"PropertyValueSpecification","valueRequired":true,"valueName":"search_term_string"}}],"inLanguage":"vi"},{"@type":"Organization","@id":"https:\/\/greensolarvietnam.vn\/#organization","name":"C\u00f4ng ty TNHH \u0111\u1ea7u t\u01b0 v\u00e0 c\u00f4ng ngh\u1ec7 Green Solar Vi\u1ec7t Nam","url":"https:\/\/greensolarvietnam.vn\/","logo":{"@type":"ImageObject","inLanguage":"vi","@id":"https:\/\/greensolarvietnam.vn\/#\/schema\/logo\/image\/","url":"https:\/\/greensolarvietnam.vn\/wp-content\/uploads\/2025\/08\/cropped-cropped-cropped-Logo-163x68-1.png","contentUrl":"https:\/\/greensolarvietnam.vn\/wp-content\/uploads\/2025\/08\/cropped-cropped-cropped-Logo-163x68-1.png","width":163,"height":55,"caption":"C\u00f4ng ty TNHH \u0111\u1ea7u t\u01b0 v\u00e0 c\u00f4ng ngh\u1ec7 Green Solar Vi\u1ec7t Nam"},"image":{"@id":"https:\/\/greensolarvietnam.vn\/#\/schema\/logo\/image\/"}}]}},"_links":{"self":[{"href":"https:\/\/greensolarvietnam.vn\/index.php?rest_route=\/wp\/v2\/product\/16738","targetHints":{"allow":["GET"]}}],"collection":[{"href":"https:\/\/greensolarvietnam.vn\/index.php?rest_route=\/wp\/v2\/product"}],"about":[{"href":"https:\/\/greensolarvietnam.vn\/index.php?rest_route=\/wp\/v2\/types\/product"}],"replies":[{"embeddable":true,"href":"https:\/\/greensolarvietnam.vn\/index.php?rest_route=%2Fwp%2Fv2%2Fcomments&post=16738"}],"wp:featuredmedia":[{"embeddable":true,"href":"https:\/\/greensolarvietnam.vn\/index.php?rest_route=\/wp\/v2\/media\/16739"}],"wp:attachment":[{"href":"https:\/\/greensolarvietnam.vn\/index.php?rest_route=%2Fwp%2Fv2%2Fmedia&parent=16738"}],"wp:term":[{"taxonomy":"product_cat","embeddable":true,"href":"https:\/\/greensolarvietnam.vn\/index.php?rest_route=%2Fwp%2Fv2%2Fproduct_cat&post=16738"},{"taxonomy":"product_tag","embeddable":true,"href":"https:\/\/greensolarvietnam.vn\/index.php?rest_route=%2Fwp%2Fv2%2Fproduct_tag&post=16738"}],"curies":[{"name":"wp","href":"https:\/\/api.w.org\/{rel}","templated":true}]}}