{"id":16750,"date":"2024-04-12T04:07:15","date_gmt":"2024-04-12T04:07:15","guid":{"rendered":"https:\/\/greensolarvietnam.vn\/?post_type=product&#038;p=16750"},"modified":"2024-04-12T04:07:15","modified_gmt":"2024-04-12T04:07:15","slug":"ac-quy-cong-nghiep-kin-khi-12v-100ah-phoenix","status":"publish","type":"product","link":"https:\/\/greensolarvietnam.vn\/?product=ac-quy-cong-nghiep-kin-khi-12v-100ah-phoenix","title":{"rendered":"\u1eaeC QUY C\u00d4NG NGHI\u1ec6P K\u00cdN KH\u00cd 12V \u2013 100AH PHOENIX"},"content":{"rendered":"<h2 id=\"tongquan\" class=\"heading_h2\">TH\u00d4NG S\u1ed0 K\u1ef8 THU\u1eacT<\/h2>\n<div class=\"content aaa\">\n<p>M\u00e3 s\u1ea3n ph\u1ea9m: \u0102c quy c\u00f4ng nghi\u1ec7p k\u00edn kh\u00ed 12V \u2013 100Ah Phoenix<\/p>\n<p>\u0110\u1eb7c t\u00ednh: kh\u00f4, k\u00edn kh\u00ed c\u00f4ng nghi\u1ec7p<\/p>\n<p>C\u00f4ng\u00a0su\u1ea5t: 12V \u2013 100Ah<\/p>\n<p>K\u00edch th\u01b0\u1edbc: L x W x H =331 x 175 x 215 (mm)<\/p>\n<\/div>\n","protected":false},"excerpt":{"rendered":"<p>L\u00e0 m\u1ed9t trong nh\u1eefng s\u1ea3n ph\u1ea9m c\u00f3 ch\u1ea5t l\u01b0\u1ee3ng t\u1ed1t nh\u1ea5t khi nh\u1eafc \u0111\u1ebfn ng\u00e0nh c\u00f4ng nghi\u1ec7p hi\u1ec7n nay tr\u00ean th\u1ecb tr\u01b0\u1eddng. V\u1edbi v\u1ecf b\u00ecnh v\u00e0 n\u1eafp b\u00ecnh l\u00e0m b\u1eb1ng nh\u1ef1a ABS ho\u1eb7c HBO n\u00ean kh\u1ea3 n\u0103ng ch\u1ed1ng ch\u00e1y cao, tu\u1ed5i th\u1ecd d\u00e0i.<\/p>\n","protected":false},"featured_media":16751,"comment_status":"closed","ping_status":"closed","template":"","meta":{"site-sidebar-layout":"default","site-content-layout":"default","ast-global-header-display":"","ast-main-header-display":"","ast-hfb-above-header-display":"","ast-hfb-below-header-display":"","ast-hfb-mobile-header-display":"","site-post-title":"","ast-breadcrumbs-content":"","ast-featured-img":"","footer-sml-layout":"","theme-transparent-header-meta":"default","adv-header-id-meta":"","stick-header-meta":"","header-above-stick-meta":"","header-main-stick-meta":"","header-below-stick-meta":""},"product_cat":[198],"product_tag":[],"class_list":{"0":"post-16750","1":"product","2":"type-product","3":"status-publish","4":"has-post-thumbnail","6":"product_cat-vat-tu-thiet-bi-cho-nha-may-thuy-dien","8":"first","9":"instock","10":"shipping-taxable","11":"product-type-simple"},"yoast_head":"<!-- This site is optimized with the Yoast SEO Premium plugin v23.9 (Yoast SEO v24.4) - https:\/\/yoast.com\/wordpress\/plugins\/seo\/ -->\n<title>\u1eaeC QUY C\u00d4NG NGHI\u1ec6P K\u00cdN KH\u00cd 12V \u2013 100AH PHOENIX - C\u00f4ng ty TNHH \u0111\u1ea7u t\u01b0 v\u00e0 c\u00f4ng ngh\u1ec7 Green Solar Vi\u1ec7t Nam<\/title>\n<meta name=\"robots\" content=\"index, follow, max-snippet:-1, max-image-preview:large, max-video-preview:-1\" \/>\n<link rel=\"canonical\" href=\"https:\/\/greensolarvietnam.vn\/?product=ac-quy-cong-nghiep-kin-khi-12v-100ah-phoenix\" \/>\n<meta property=\"og:locale\" content=\"vi_VN\" \/>\n<meta property=\"og:type\" content=\"article\" \/>\n<meta property=\"og:title\" content=\"\u1eaeC QUY C\u00d4NG NGHI\u1ec6P K\u00cdN KH\u00cd 12V \u2013 100AH PHOENIX\" \/>\n<meta property=\"og:description\" content=\"L\u00e0 m\u1ed9t trong nh\u1eefng s\u1ea3n ph\u1ea9m c\u00f3 ch\u1ea5t l\u01b0\u1ee3ng t\u1ed1t nh\u1ea5t khi nh\u1eafc \u0111\u1ebfn ng\u00e0nh c\u00f4ng nghi\u1ec7p hi\u1ec7n nay tr\u00ean th\u1ecb tr\u01b0\u1eddng. V\u1edbi v\u1ecf b\u00ecnh v\u00e0 n\u1eafp b\u00ecnh l\u00e0m b\u1eb1ng nh\u1ef1a ABS ho\u1eb7c HBO n\u00ean kh\u1ea3 n\u0103ng ch\u1ed1ng ch\u00e1y cao, tu\u1ed5i th\u1ecd d\u00e0i.\" \/>\n<meta property=\"og:url\" content=\"https:\/\/greensolarvietnam.vn\/?product=ac-quy-cong-nghiep-kin-khi-12v-100ah-phoenix\" \/>\n<meta property=\"og:site_name\" content=\"C\u00f4ng ty TNHH \u0111\u1ea7u t\u01b0 v\u00e0 c\u00f4ng ngh\u1ec7 Green Solar Vi\u1ec7t Nam\" \/>\n<meta property=\"og:image\" content=\"https:\/\/greensolarvietnam.vn\/wp-content\/uploads\/2024\/04\/Ac-quy-cong-nghiep-kin-khi-12V-\u2013-100Ah-Phoenix.png\" \/>\n\t<meta property=\"og:image:width\" content=\"350\" \/>\n\t<meta property=\"og:image:height\" content=\"400\" \/>\n\t<meta property=\"og:image:type\" content=\"image\/png\" \/>\n<meta name=\"twitter:card\" content=\"summary_large_image\" \/>\n<script type=\"application\/ld+json\" class=\"yoast-schema-graph\">{\"@context\":\"https:\/\/schema.org\",\"@graph\":[{\"@type\":\"WebPage\",\"@id\":\"https:\/\/greensolarvietnam.vn\/?product=ac-quy-cong-nghiep-kin-khi-12v-100ah-phoenix\",\"url\":\"https:\/\/greensolarvietnam.vn\/?product=ac-quy-cong-nghiep-kin-khi-12v-100ah-phoenix\",\"name\":\"\u1eaeC QUY C\u00d4NG NGHI\u1ec6P K\u00cdN KH\u00cd 12V \u2013 100AH PHOENIX - C\u00f4ng ty TNHH \u0111\u1ea7u t\u01b0 v\u00e0 c\u00f4ng ngh\u1ec7 Green Solar Vi\u1ec7t Nam\",\"isPartOf\":{\"@id\":\"https:\/\/greensolarvietnam.vn\/#website\"},\"primaryImageOfPage\":{\"@id\":\"https:\/\/greensolarvietnam.vn\/?product=ac-quy-cong-nghiep-kin-khi-12v-100ah-phoenix#primaryimage\"},\"image\":{\"@id\":\"https:\/\/greensolarvietnam.vn\/?product=ac-quy-cong-nghiep-kin-khi-12v-100ah-phoenix#primaryimage\"},\"thumbnailUrl\":\"https:\/\/greensolarvietnam.vn\/wp-content\/uploads\/2024\/04\/Ac-quy-cong-nghiep-kin-khi-12V-\u2013-100Ah-Phoenix.png\",\"datePublished\":\"2024-04-12T04:07:15+00:00\",\"breadcrumb\":{\"@id\":\"https:\/\/greensolarvietnam.vn\/?product=ac-quy-cong-nghiep-kin-khi-12v-100ah-phoenix#breadcrumb\"},\"inLanguage\":\"vi\",\"potentialAction\":[{\"@type\":\"ReadAction\",\"target\":[\"https:\/\/greensolarvietnam.vn\/?product=ac-quy-cong-nghiep-kin-khi-12v-100ah-phoenix\"]}]},{\"@type\":\"ImageObject\",\"inLanguage\":\"vi\",\"@id\":\"https:\/\/greensolarvietnam.vn\/?product=ac-quy-cong-nghiep-kin-khi-12v-100ah-phoenix#primaryimage\",\"url\":\"https:\/\/greensolarvietnam.vn\/wp-content\/uploads\/2024\/04\/Ac-quy-cong-nghiep-kin-khi-12V-\u2013-100Ah-Phoenix.png\",\"contentUrl\":\"https:\/\/greensolarvietnam.vn\/wp-content\/uploads\/2024\/04\/Ac-quy-cong-nghiep-kin-khi-12V-\u2013-100Ah-Phoenix.png\",\"width\":350,\"height\":400},{\"@type\":\"BreadcrumbList\",\"@id\":\"https:\/\/greensolarvietnam.vn\/?product=ac-quy-cong-nghiep-kin-khi-12v-100ah-phoenix#breadcrumb\",\"itemListElement\":[{\"@type\":\"ListItem\",\"position\":1,\"name\":\"Trang ch\u1ee7\",\"item\":\"https:\/\/greensolarvietnam.vn\/\"},{\"@type\":\"ListItem\",\"position\":2,\"name\":\"S\u1ea3n ph\u1ea9m\",\"item\":\"https:\/\/greensolarvietnam.vn\/?post_type=product\"},{\"@type\":\"ListItem\",\"position\":3,\"name\":\"\u1eaeC QUY C\u00d4NG NGHI\u1ec6P K\u00cdN KH\u00cd 12V \u2013 100AH PHOENIX\"}]},{\"@type\":\"WebSite\",\"@id\":\"https:\/\/greensolarvietnam.vn\/#website\",\"url\":\"https:\/\/greensolarvietnam.vn\/\",\"name\":\"C\u00f4ng ty TNHH \u0111\u1ea7u t\u01b0 v\u00e0 c\u00f4ng ngh\u1ec7 Green Solar Vi\u1ec7t Nam\",\"description\":\"C\u00f4ng ty TNHH \u0111\u1ea7u t\u01b0 v\u00e0 c\u00f4ng ngh\u1ec7 Green Solar Vi\u1ec7t Nam\",\"publisher\":{\"@id\":\"https:\/\/greensolarvietnam.vn\/#organization\"},\"potentialAction\":[{\"@type\":\"SearchAction\",\"target\":{\"@type\":\"EntryPoint\",\"urlTemplate\":\"https:\/\/greensolarvietnam.vn\/?s={search_term_string}\"},\"query-input\":{\"@type\":\"PropertyValueSpecification\",\"valueRequired\":true,\"valueName\":\"search_term_string\"}}],\"inLanguage\":\"vi\"},{\"@type\":\"Organization\",\"@id\":\"https:\/\/greensolarvietnam.vn\/#organization\",\"name\":\"C\u00f4ng ty TNHH \u0111\u1ea7u t\u01b0 v\u00e0 c\u00f4ng ngh\u1ec7 Green Solar Vi\u1ec7t Nam\",\"url\":\"https:\/\/greensolarvietnam.vn\/\",\"logo\":{\"@type\":\"ImageObject\",\"inLanguage\":\"vi\",\"@id\":\"https:\/\/greensolarvietnam.vn\/#\/schema\/logo\/image\/\",\"url\":\"https:\/\/greensolarvietnam.vn\/wp-content\/uploads\/2025\/08\/cropped-cropped-cropped-Logo-163x68-1.png\",\"contentUrl\":\"https:\/\/greensolarvietnam.vn\/wp-content\/uploads\/2025\/08\/cropped-cropped-cropped-Logo-163x68-1.png\",\"width\":163,\"height\":55,\"caption\":\"C\u00f4ng ty TNHH \u0111\u1ea7u t\u01b0 v\u00e0 c\u00f4ng ngh\u1ec7 Green Solar Vi\u1ec7t Nam\"},\"image\":{\"@id\":\"https:\/\/greensolarvietnam.vn\/#\/schema\/logo\/image\/\"}}]}<\/script>\n<!-- \/ Yoast SEO Premium plugin. -->","yoast_head_json":{"title":"\u1eaeC QUY C\u00d4NG NGHI\u1ec6P K\u00cdN KH\u00cd 12V \u2013 100AH PHOENIX - C\u00f4ng ty TNHH \u0111\u1ea7u t\u01b0 v\u00e0 c\u00f4ng ngh\u1ec7 Green Solar Vi\u1ec7t Nam","robots":{"index":"index","follow":"follow","max-snippet":"max-snippet:-1","max-image-preview":"max-image-preview:large","max-video-preview":"max-video-preview:-1"},"canonical":"https:\/\/greensolarvietnam.vn\/?product=ac-quy-cong-nghiep-kin-khi-12v-100ah-phoenix","og_locale":"vi_VN","og_type":"article","og_title":"\u1eaeC QUY C\u00d4NG NGHI\u1ec6P K\u00cdN KH\u00cd 12V \u2013 100AH PHOENIX","og_description":"L\u00e0 m\u1ed9t trong nh\u1eefng s\u1ea3n ph\u1ea9m c\u00f3 ch\u1ea5t l\u01b0\u1ee3ng t\u1ed1t nh\u1ea5t khi nh\u1eafc \u0111\u1ebfn ng\u00e0nh c\u00f4ng nghi\u1ec7p hi\u1ec7n nay tr\u00ean th\u1ecb tr\u01b0\u1eddng. V\u1edbi v\u1ecf b\u00ecnh v\u00e0 n\u1eafp b\u00ecnh l\u00e0m b\u1eb1ng nh\u1ef1a ABS ho\u1eb7c HBO n\u00ean kh\u1ea3 n\u0103ng ch\u1ed1ng ch\u00e1y cao, tu\u1ed5i th\u1ecd d\u00e0i.","og_url":"https:\/\/greensolarvietnam.vn\/?product=ac-quy-cong-nghiep-kin-khi-12v-100ah-phoenix","og_site_name":"C\u00f4ng ty TNHH \u0111\u1ea7u t\u01b0 v\u00e0 c\u00f4ng ngh\u1ec7 Green Solar Vi\u1ec7t Nam","og_image":[{"width":350,"height":400,"url":"https:\/\/greensolarvietnam.vn\/wp-content\/uploads\/2024\/04\/Ac-quy-cong-nghiep-kin-khi-12V-\u2013-100Ah-Phoenix.png","type":"image\/png"}],"twitter_card":"summary_large_image","schema":{"@context":"https:\/\/schema.org","@graph":[{"@type":"WebPage","@id":"https:\/\/greensolarvietnam.vn\/?product=ac-quy-cong-nghiep-kin-khi-12v-100ah-phoenix","url":"https:\/\/greensolarvietnam.vn\/?product=ac-quy-cong-nghiep-kin-khi-12v-100ah-phoenix","name":"\u1eaeC QUY C\u00d4NG NGHI\u1ec6P K\u00cdN KH\u00cd 12V \u2013 100AH PHOENIX - C\u00f4ng ty TNHH \u0111\u1ea7u t\u01b0 v\u00e0 c\u00f4ng ngh\u1ec7 Green Solar Vi\u1ec7t Nam","isPartOf":{"@id":"https:\/\/greensolarvietnam.vn\/#website"},"primaryImageOfPage":{"@id":"https:\/\/greensolarvietnam.vn\/?product=ac-quy-cong-nghiep-kin-khi-12v-100ah-phoenix#primaryimage"},"image":{"@id":"https:\/\/greensolarvietnam.vn\/?product=ac-quy-cong-nghiep-kin-khi-12v-100ah-phoenix#primaryimage"},"thumbnailUrl":"https:\/\/greensolarvietnam.vn\/wp-content\/uploads\/2024\/04\/Ac-quy-cong-nghiep-kin-khi-12V-\u2013-100Ah-Phoenix.png","datePublished":"2024-04-12T04:07:15+00:00","breadcrumb":{"@id":"https:\/\/greensolarvietnam.vn\/?product=ac-quy-cong-nghiep-kin-khi-12v-100ah-phoenix#breadcrumb"},"inLanguage":"vi","potentialAction":[{"@type":"ReadAction","target":["https:\/\/greensolarvietnam.vn\/?product=ac-quy-cong-nghiep-kin-khi-12v-100ah-phoenix"]}]},{"@type":"ImageObject","inLanguage":"vi","@id":"https:\/\/greensolarvietnam.vn\/?product=ac-quy-cong-nghiep-kin-khi-12v-100ah-phoenix#primaryimage","url":"https:\/\/greensolarvietnam.vn\/wp-content\/uploads\/2024\/04\/Ac-quy-cong-nghiep-kin-khi-12V-\u2013-100Ah-Phoenix.png","contentUrl":"https:\/\/greensolarvietnam.vn\/wp-content\/uploads\/2024\/04\/Ac-quy-cong-nghiep-kin-khi-12V-\u2013-100Ah-Phoenix.png","width":350,"height":400},{"@type":"BreadcrumbList","@id":"https:\/\/greensolarvietnam.vn\/?product=ac-quy-cong-nghiep-kin-khi-12v-100ah-phoenix#breadcrumb","itemListElement":[{"@type":"ListItem","position":1,"name":"Trang ch\u1ee7","item":"https:\/\/greensolarvietnam.vn\/"},{"@type":"ListItem","position":2,"name":"S\u1ea3n ph\u1ea9m","item":"https:\/\/greensolarvietnam.vn\/?post_type=product"},{"@type":"ListItem","position":3,"name":"\u1eaeC QUY C\u00d4NG NGHI\u1ec6P K\u00cdN KH\u00cd 12V \u2013 100AH PHOENIX"}]},{"@type":"WebSite","@id":"https:\/\/greensolarvietnam.vn\/#website","url":"https:\/\/greensolarvietnam.vn\/","name":"C\u00f4ng ty TNHH \u0111\u1ea7u t\u01b0 v\u00e0 c\u00f4ng ngh\u1ec7 Green Solar Vi\u1ec7t Nam","description":"C\u00f4ng ty TNHH \u0111\u1ea7u t\u01b0 v\u00e0 c\u00f4ng ngh\u1ec7 Green Solar Vi\u1ec7t Nam","publisher":{"@id":"https:\/\/greensolarvietnam.vn\/#organization"},"potentialAction":[{"@type":"SearchAction","target":{"@type":"EntryPoint","urlTemplate":"https:\/\/greensolarvietnam.vn\/?s={search_term_string}"},"query-input":{"@type":"PropertyValueSpecification","valueRequired":true,"valueName":"search_term_string"}}],"inLanguage":"vi"},{"@type":"Organization","@id":"https:\/\/greensolarvietnam.vn\/#organization","name":"C\u00f4ng ty TNHH \u0111\u1ea7u t\u01b0 v\u00e0 c\u00f4ng ngh\u1ec7 Green Solar Vi\u1ec7t Nam","url":"https:\/\/greensolarvietnam.vn\/","logo":{"@type":"ImageObject","inLanguage":"vi","@id":"https:\/\/greensolarvietnam.vn\/#\/schema\/logo\/image\/","url":"https:\/\/greensolarvietnam.vn\/wp-content\/uploads\/2025\/08\/cropped-cropped-cropped-Logo-163x68-1.png","contentUrl":"https:\/\/greensolarvietnam.vn\/wp-content\/uploads\/2025\/08\/cropped-cropped-cropped-Logo-163x68-1.png","width":163,"height":55,"caption":"C\u00f4ng ty TNHH \u0111\u1ea7u t\u01b0 v\u00e0 c\u00f4ng ngh\u1ec7 Green Solar Vi\u1ec7t Nam"},"image":{"@id":"https:\/\/greensolarvietnam.vn\/#\/schema\/logo\/image\/"}}]}},"_links":{"self":[{"href":"https:\/\/greensolarvietnam.vn\/index.php?rest_route=\/wp\/v2\/product\/16750","targetHints":{"allow":["GET"]}}],"collection":[{"href":"https:\/\/greensolarvietnam.vn\/index.php?rest_route=\/wp\/v2\/product"}],"about":[{"href":"https:\/\/greensolarvietnam.vn\/index.php?rest_route=\/wp\/v2\/types\/product"}],"replies":[{"embeddable":true,"href":"https:\/\/greensolarvietnam.vn\/index.php?rest_route=%2Fwp%2Fv2%2Fcomments&post=16750"}],"wp:featuredmedia":[{"embeddable":true,"href":"https:\/\/greensolarvietnam.vn\/index.php?rest_route=\/wp\/v2\/media\/16751"}],"wp:attachment":[{"href":"https:\/\/greensolarvietnam.vn\/index.php?rest_route=%2Fwp%2Fv2%2Fmedia&parent=16750"}],"wp:term":[{"taxonomy":"product_cat","embeddable":true,"href":"https:\/\/greensolarvietnam.vn\/index.php?rest_route=%2Fwp%2Fv2%2Fproduct_cat&post=16750"},{"taxonomy":"product_tag","embeddable":true,"href":"https:\/\/greensolarvietnam.vn\/index.php?rest_route=%2Fwp%2Fv2%2Fproduct_tag&post=16750"}],"curies":[{"name":"wp","href":"https:\/\/api.w.org\/{rel}","templated":true}]}}