{"id":16766,"date":"2024-04-12T04:25:34","date_gmt":"2024-04-12T04:25:34","guid":{"rendered":"https:\/\/greensolarvietnam.vn\/?post_type=product&#038;p=16766"},"modified":"2024-04-12T04:25:35","modified_gmt":"2024-04-12T04:25:35","slug":"thiet-bi-do-ham-luong-nuoc-trong-dat-cs650","status":"publish","type":"product","link":"https:\/\/greensolarvietnam.vn\/?product=thiet-bi-do-ham-luong-nuoc-trong-dat-cs650","title":{"rendered":"THI\u1ebeT B\u1eca \u0110O H\u00c0M L\u01af\u1ee2NG N\u01af\u1edaC TRONG \u0110\u1ea4T CS650"},"content":{"rendered":"<div class=\"content aaa\">\n<p><strong>Th\u00f4ng S\u1ed1 K\u1ef9 Thu\u1eadt CS650<\/strong><\/p>\n<table width=\"632\">\n<tbody>\n<tr>\n<td width=\"173\"><strong>T\u00ean s\u1ea3n ph\u1ea9m<\/strong><\/td>\n<td width=\"459\"><strong>CS650<\/strong><\/td>\n<\/tr>\n<tr>\n<td>C\u00e1c ph\u00e9p \u0111o \u0111\u01b0\u1ee3c th\u1ef1c hi\u1ec7n<\/td>\n<td>\u0110\u1ed9 d\u1eabn \u0111i\u1ec7n c\u1ee7a \u0111\u1ea5t (EC), h\u1eb1ng s\u1ed1 \u0111i\u1ec7n m\u00f4i t\u01b0\u01a1ng \u0111\u1ed1i, h\u00e0m l\u01b0\u1ee3ng n\u01b0\u1edbc th\u1ec3 t\u00edch (VWC), nhi\u1ec7t \u0111\u1ed9 \u0111\u1ea5t<\/td>\n<\/tr>\n<tr>\n<td>Thi\u1ebft b\u1ecb c\u1ea7n thi\u1ebft<\/td>\n<td>H\u1ec7 th\u1ed1ng \u0111o l\u01b0\u1eddng<\/td>\n<\/tr>\n<tr>\n<td width=\"173\">\u0110\u1ea5t ph\u00f9 h\u1ee3p<\/td>\n<td width=\"459\">Que d\u00e0i v\u1edbi th\u1ec3 t\u00edch c\u1ea3m bi\u1ebfn l\u1edbn (&gt; 6 L) ph\u00f9 h\u1ee3p v\u1edbi \u0111\u1ea5t c\u00f3 \u0111\u1ed9 d\u1eabn \u0111i\u1ec7n t\u1eeb th\u1ea5p \u0111\u1ebfn trung b\u00ecnh.<\/td>\n<\/tr>\n<tr>\n<td width=\"173\">Que<\/td>\n<td width=\"459\">Kh\u00f4ng th\u1ec3 thay th\u1ebf<\/td>\n<\/tr>\n<tr>\n<td>C\u1ea3m bi\u1ebfn<\/td>\n<td>Kh\u00f4ng th\u1ec3 thay th\u1ebf cho nhau<\/td>\n<\/tr>\n<tr>\n<td>\u00c2m l\u01b0\u1ee3ng c\u1ea3m bi\u1ebfn<\/td>\n<td>7800 cm3 (~7,5 cm b\u00e1n k\u00ednh xung quanh m\u1ed7i que th\u0103m d\u00f2 v\u00e0 4,5 cm b\u00ean ngo\u00e0i \u0111\u1ea7u que)<\/td>\n<\/tr>\n<tr>\n<td rowspan=\"2\">\u0110i\u1ec7n t\u1eeb<\/td>\n<td>tu\u00e2n th\u1ee7 CE<\/td>\n<\/tr>\n<tr>\n<td>\u0110\u00e1p \u1ee9ng c\u00e1c y\u00eau c\u1ea7u EN61326 \u0111\u1ec3 b\u1ea3o v\u1ec7 ch\u1ed1ng ph\u00f3ng t\u0129nh \u0111i\u1ec7n v\u00e0 \u0111\u1ed9t bi\u1ebfn.<\/td>\n<\/tr>\n<tr>\n<td>Nhi\u1ec7t \u0111\u1ed9 ho\u1ea1t \u0111\u1ed9ng<\/td>\n<td>-50\u00b0 \u0111\u1ebfn +70\u00b0C<\/td>\n<\/tr>\n<tr>\n<td>\u0110\u1ea7u ra c\u1ea3m bi\u1ebfn<\/td>\n<td>SDI-12; n\u1ed1i ti\u1ebfp RS-232<\/td>\n<\/tr>\n<tr>\n<td>Th\u1eddi gian kh\u1edfi \u0111\u1ed9ng<\/td>\n<td>3 gi\u00e2y<\/td>\n<\/tr>\n<tr>\n<td>Th\u1eddi gian \u0111o l\u01b0\u1eddng<\/td>\n<td>3 ms \u0111\u1ec3 \u0111o; 600 ms \u0111\u1ec3 ho\u00e0n th\u00e0nh l\u1ec7nh SDI-12<\/td>\n<\/tr>\n<tr>\n<td>C\u00e1c y\u00eau c\u1ea7u v\u1ec1 ngu\u1ed3n \u0111i\u1ec7n<\/td>\n<td>6 \u0111\u1ebfn 18 Vdc (Ph\u1ea3i c\u00f3 kh\u1ea3 n\u0103ng cung c\u1ea5p 45 mA @ 12 Vdc.)<\/td>\n<\/tr>\n<tr>\n<td>Chi\u1ec1u d\u00e0i c\u00e1p t\u1ed1i \u0111a<\/td>\n<td>Chi\u1ec1u d\u00e0i k\u1ebft h\u1ee3p 610 m (2000 ft) cho t\u1ed1i \u0111a 25 c\u1ea3m bi\u1ebfn \u0111\u01b0\u1ee3c k\u1ebft n\u1ed1i v\u1edbi c\u00f9ng m\u1ed9t c\u1ed5ng \u0111i\u1ec1u khi\u1ec3n b\u1ed9 ghi d\u1eef li\u1ec7u<\/td>\n<\/tr>\n<tr>\n<td>Kho\u1ea3ng c\u00e1ch thanh<\/td>\n<td>32 mm (1,3 inch)<\/td>\n<\/tr>\n<tr>\n<td>T\u1ef7 l\u1ec7 B\u1ea3o v\u1ec7 X\u00e2m nh\u1eadp<\/td>\n<td>IP68<\/td>\n<\/tr>\n<tr>\n<td>\u0110\u01b0\u1eddng k\u00ednh que<\/td>\n<td>3,2 mm (0,13 inch)<\/td>\n<\/tr>\n<tr>\n<td>Chi\u1ec1u d\u00e0i thanh<\/td>\n<td>300 mm (11,8 inch)<\/td>\n<\/tr>\n<tr>\n<td>K\u00edch th\u01b0\u1edbc \u0111\u1ea7u d\u00f2<\/td>\n<td>85 x 63 x 18 mm (3,3 x 2,5 x 0,7 inch)<\/td>\n<\/tr>\n<tr>\n<td>Tr\u1ecdng l\u01b0\u1ee3ng c\u00e1p<\/td>\n<td>35 g tr\u00ean m (0,38 oz tr\u00ean ft)<\/td>\n<\/tr>\n<tr>\n<td>tr\u1ecdng l\u01b0\u1ee3ng th\u0103m d\u00f2<\/td>\n<td>280 g (9,9 oz) kh\u00f4ng c\u00f3 c\u00e1p<\/td>\n<\/tr>\n<tr>\n<td colspan=\"2\"><strong>D\u00f2ng ch\u1ea3y ho\u1ea1t \u0111\u1ed9ng<\/strong><\/td>\n<\/tr>\n<tr>\n<td rowspan=\"3\">\u0110ang ho\u1ea1t \u0111\u1ed9ng (3 ms)<\/td>\n<td>45 mA \u0111i\u1ec3n h\u00ecnh (@ 12 Vdc)<\/td>\n<\/tr>\n<tr>\n<td>80 mA (@ 6 Vdc)<\/td>\n<\/tr>\n<tr>\n<td>35 mA (@ 18 Vdc)<\/td>\n<\/tr>\n<tr>\n<td>Tr\u1ea1ng th\u00e1i ngh\u1ec9<\/td>\n<td>135 \u00b5A \u0111i\u1ec3n h\u00ecnh (@ 12 Vdc)<\/td>\n<\/tr>\n<tr>\n<td colspan=\"2\"><strong>\u0110\u1ed9 d\u1eabn \u0111i\u00ea\u0323n<\/strong><\/td>\n<\/tr>\n<tr>\n<td>Ph\u1ea1m vi cho Gi\u1ea3i ph\u00e1p EC<\/td>\n<td>0 \u0111\u1ebfn 3 dS\/m<\/td>\n<\/tr>\n<tr>\n<td>Ph\u1ea1m vi cho EC s\u1ed1 l\u01b0\u1ee3ng l\u1edbn<\/td>\n<td>0 \u0111\u1ebfn 3 dS\/m<\/td>\n<\/tr>\n<tr>\n<td>S\u1ef1 ch\u00ednh x\u00e1c<\/td>\n<td>\u00b1(5% gi\u00e1 tr\u1ecb \u0111\u1ecdc + 0,05 dS\/m)<\/td>\n<\/tr>\n<tr>\n<td>\u0110\u1ed9 ch\u00ednh x\u00e1c<\/td>\n<td>0,5% BEC<\/td>\n<\/tr>\n<tr>\n<td colspan=\"2\"><strong>\u0110\u1ed9 \u0111i\u1ec7n m\u00f4i t\u01b0\u01a1ng \u0111\u1ed1i<\/strong><\/td>\n<\/tr>\n<tr>\n<td>Ph\u1ea1m vi<\/td>\n<td>1 \u0111\u1ebfn 81<\/td>\n<\/tr>\n<tr>\n<td rowspan=\"2\">S\u1ef1 ch\u00ednh x\u00e1c<\/td>\n<td>\u00b1(2% gi\u00e1 tr\u1ecb \u0111\u1ecdc + 0,6) t\u1eeb 1 \u0111\u1ebfn 40 \u0111\u1ed1i v\u1edbi dung d\u1ecbch EC \u2264 3 dS\/m<\/td>\n<\/tr>\n<tr>\n<td>\u00b11,4 (t\u1eeb 40 \u0111\u1ebfn 81 \u0111\u1ed1i v\u1edbi dung d\u1ecbch EC \u22641 dS\/m)<\/td>\n<\/tr>\n<tr>\n<td>\u0110\u1ed9 ch\u00ednh x\u00e1c<\/td>\n<td>&lt; 0,02<\/td>\n<\/tr>\n<tr>\n<td colspan=\"2\"><strong>H\u00e0m l\u01b0\u1ee3ng n\u01b0\u1edbc th\u1ec3 t\u00edch<\/strong><\/td>\n<\/tr>\n<tr>\n<td>Ph\u1ea1m vi<\/td>\n<td>0 \u0111\u1ebfn 100% (v\u1edbi l\u1ec7nh M4)<\/td>\n<\/tr>\n<tr>\n<td rowspan=\"2\">\u0110\u1ed9 ch\u00ednh x\u00e1c h\u00e0m l\u01b0\u1ee3ng n\u01b0\u1edbc<\/td>\n<td>\u00b11% (v\u1edbi hi\u1ec7u chu\u1ea9n \u0111\u1ea5t c\u1ee5 th\u1ec3)<\/td>\n<\/tr>\n<tr>\n<td>\u00b13% (\u0111i\u1ec3n h\u00ecnh v\u1edbi ki\u1ec3u VWC c\u1ee7a nh\u00e0 m\u00e1y) khi dung d\u1ecbch EC &lt; 3 dS\/m<\/td>\n<\/tr>\n<tr>\n<td>\u0110\u1ed9 ch\u00ednh x\u00e1c<\/td>\n<td>&lt; 0,05%<\/td>\n<\/tr>\n<tr>\n<td colspan=\"2\"><strong>Nhi\u1ec7t \u0111\u1ed9 \u0111\u1ea5t<\/strong><\/td>\n<\/tr>\n<tr>\n<td>Ph\u1ea1m vi<\/td>\n<td>-50\u00b0 \u0111\u1ebfn +70\u00b0C<\/td>\n<\/tr>\n<tr>\n<td>Ngh\u1ecb quy\u1ebft<\/td>\n<td>0,001\u00b0C<\/td>\n<\/tr>\n<tr>\n<td rowspan=\"2\">Ch\u00ednh x\u00e1c<\/td>\n<td>\u00b10,1\u00b0C (\u0111\u1ed1i v\u1edbi nhi\u1ec7t \u0111\u1ed9 \u0111\u1ea5t \u0111i\u1ec3n h\u00ecnh [0 \u0111\u1ebfn 40\u00b0C] khi th\u00e2n \u0111\u1ea7u d\u00f2 \u0111\u01b0\u1ee3c ch\u00f4n trong \u0111\u1ea5t)<\/td>\n<\/tr>\n<tr>\n<td>\u00b10,5\u00b0C (\u0111\u1ed1i v\u1edbi ph\u1ea1m vi nhi\u1ec7t \u0111\u1ed9 \u0111\u1ea7y \u0111\u1ee7)<\/td>\n<\/tr>\n<tr>\n<td>\u0110\u1ed9 ch\u00ednh x\u00e1c<\/td>\n<td>\u00b10,02\u00b0C<\/td>\n<\/tr>\n<\/tbody>\n<\/table>\n<p><strong>T\u00ednh n\u0103ng \u0111\u1eb7c bi\u1ec7t c\u1ee7a CS650<\/strong><\/p>\n<ul>\n<li>C\u00e1c ph\u00e9p \u0111o h\u00e0m l\u01b0\u1ee3ng n\u01b0\u1edbc ch\u00ednh x\u00e1c h\u01a1n trong \u0111\u1ea5t c\u00f3 EC s\u1ed1 l\u01b0\u1ee3ng l\u1edbn l\u00ean \u0111\u1ebfn 3 dS m-1 m\u00e0 kh\u00f4ng c\u1ea7n th\u1ef1c hi\u1ec7n hi\u1ec7u chu\u1ea9n c\u1ee5 th\u1ec3 cho t\u1eebng lo\u1ea1i \u0111\u1ea5t<\/li>\n<li>Kh\u1ed1i l\u01b0\u1ee3ng m\u1eabu l\u1edbn h\u01a1n l\u00e0m gi\u1ea3m l\u1ed7i<\/li>\n<li>Ph\u00e9p \u0111o \u0111\u00e3 hi\u1ec7u ch\u1ec9nh v\u1ec1 \u1ea3nh h\u01b0\u1edfng c\u1ee7a k\u1ebft c\u1ea5u \u0111\u1ea5t v\u00e0 \u0111\u1ed9 d\u1eabn \u0111i\u1ec7n<\/li>\n<li>\u01af\u1edbc t\u00ednh h\u00e0m l\u01b0\u1ee3ng \u0111\u1ea5t-n\u01b0\u1edbc cho nhi\u1ec1u lo\u1ea1i \u0111\u1ea5t kho\u00e1ng<\/li>\n<li>C\u1ea3m bi\u1ebfn \u0111a n\u0103ng\u2014\u0111o h\u1eb1ng s\u1ed1 \u0111i\u1ec7n m\u00f4i, \u0111\u1ed9 d\u1eabn \u0111i\u1ec7n kh\u1ed1i (EC) v\u00e0 nhi\u1ec7t \u0111\u1ed9 \u0111\u1ea5t<\/li>\n<\/ul>\n<\/div>\n","protected":false},"excerpt":{"rendered":"<p><strong>Thi\u1ebft b\u1ecb \u0111o h\u00e0m l\u01b0\u1ee3ng n\u01b0\u1edbc trong \u0111\u1ea5t CS650<\/strong>\u00a0l\u00e0 m\u1ed9t c\u1ea3m bi\u1ebfn th\u00f4ng minh \u0111a th\u00f4ng s\u1ed1 s\u1eed d\u1ee5ng c\u00e1c k\u1ef9 thu\u1eadt ti\u00ean ti\u1ebfn \u0111\u1ec3 theo d\u00f5i h\u00e0m l\u01b0\u1ee3ng n\u01b0\u1edbc th\u1ec3 t\u00edch trong \u0111\u1ea5t, \u0111\u1ed9 d\u1eabn \u0111i\u1ec7n v\u00e0 nhi\u1ec7t \u0111\u1ed9. N\u00f3 xu\u1ea5t t\u00edn hi\u1ec7u SDI-12 m\u00e0 nhi\u1ec1u b\u1ed9 ghi d\u1eef li\u1ec7u c\u1ee7a ch\u00fang t\u00f4i c\u00f3 th\u1ec3 \u0111o \u0111\u01b0\u1ee3c<\/p>\n","protected":false},"featured_media":16767,"comment_status":"closed","ping_status":"closed","template":"","meta":{"site-sidebar-layout":"default","site-content-layout":"default","ast-global-header-display":"","ast-main-header-display":"","ast-hfb-above-header-display":"","ast-hfb-below-header-display":"","ast-hfb-mobile-header-display":"","site-post-title":"","ast-breadcrumbs-content":"","ast-featured-img":"","footer-sml-layout":"","theme-transparent-header-meta":"default","adv-header-id-meta":"","stick-header-meta":"","header-above-stick-meta":"","header-main-stick-meta":"","header-below-stick-meta":""},"product_cat":[200],"product_tag":[],"class_list":{"0":"post-16766","1":"product","2":"type-product","3":"status-publish","4":"has-post-thumbnail","6":"product_cat-vat-tu-thiet-bi-cho-nha-may-nltt","8":"first","9":"instock","10":"shipping-taxable","11":"product-type-simple"},"yoast_head":"<!-- This site is optimized with the Yoast SEO Premium plugin v23.9 (Yoast SEO v24.4) - https:\/\/yoast.com\/wordpress\/plugins\/seo\/ -->\n<title>THI\u1ebeT B\u1eca \u0110O H\u00c0M L\u01af\u1ee2NG N\u01af\u1edaC TRONG \u0110\u1ea4T CS650 - C\u00f4ng ty TNHH \u0111\u1ea7u t\u01b0 v\u00e0 c\u00f4ng ngh\u1ec7 Green Solar Vi\u1ec7t Nam<\/title>\n<meta name=\"robots\" content=\"index, follow, max-snippet:-1, max-image-preview:large, max-video-preview:-1\" \/>\n<link rel=\"canonical\" href=\"https:\/\/greensolarvietnam.vn\/?product=thiet-bi-do-ham-luong-nuoc-trong-dat-cs650\" \/>\n<meta property=\"og:locale\" content=\"vi_VN\" \/>\n<meta property=\"og:type\" content=\"article\" \/>\n<meta property=\"og:title\" content=\"THI\u1ebeT B\u1eca \u0110O H\u00c0M L\u01af\u1ee2NG N\u01af\u1edaC TRONG \u0110\u1ea4T CS650\" \/>\n<meta property=\"og:description\" content=\"Thi\u1ebft b\u1ecb \u0111o h\u00e0m l\u01b0\u1ee3ng n\u01b0\u1edbc trong \u0111\u1ea5t CS650\u00a0l\u00e0 m\u1ed9t c\u1ea3m bi\u1ebfn th\u00f4ng minh \u0111a th\u00f4ng s\u1ed1 s\u1eed d\u1ee5ng c\u00e1c k\u1ef9 thu\u1eadt ti\u00ean ti\u1ebfn \u0111\u1ec3 theo d\u00f5i h\u00e0m l\u01b0\u1ee3ng n\u01b0\u1edbc th\u1ec3 t\u00edch trong \u0111\u1ea5t, \u0111\u1ed9 d\u1eabn \u0111i\u1ec7n v\u00e0 nhi\u1ec7t \u0111\u1ed9. N\u00f3 xu\u1ea5t t\u00edn hi\u1ec7u SDI-12 m\u00e0 nhi\u1ec1u b\u1ed9 ghi d\u1eef li\u1ec7u c\u1ee7a ch\u00fang t\u00f4i c\u00f3 th\u1ec3 \u0111o \u0111\u01b0\u1ee3c\" \/>\n<meta property=\"og:url\" content=\"https:\/\/greensolarvietnam.vn\/?product=thiet-bi-do-ham-luong-nuoc-trong-dat-cs650\" \/>\n<meta property=\"og:site_name\" content=\"C\u00f4ng ty TNHH \u0111\u1ea7u t\u01b0 v\u00e0 c\u00f4ng ngh\u1ec7 Green Solar Vi\u1ec7t Nam\" \/>\n<meta property=\"article:modified_time\" content=\"2024-04-12T04:25:35+00:00\" \/>\n<meta property=\"og:image\" content=\"https:\/\/greensolarvietnam.vn\/wp-content\/uploads\/2024\/04\/CS650.2.jpg\" \/>\n\t<meta property=\"og:image:width\" content=\"620\" \/>\n\t<meta property=\"og:image:height\" content=\"419\" \/>\n\t<meta property=\"og:image:type\" content=\"image\/jpeg\" \/>\n<meta name=\"twitter:card\" content=\"summary_large_image\" \/>\n<meta name=\"twitter:label1\" content=\"\u01af\u1edbc t\u00ednh th\u1eddi gian \u0111\u1ecdc\" \/>\n\t<meta name=\"twitter:data1\" content=\"4 ph\u00fat\" \/>\n<script type=\"application\/ld+json\" class=\"yoast-schema-graph\">{\"@context\":\"https:\/\/schema.org\",\"@graph\":[{\"@type\":\"WebPage\",\"@id\":\"https:\/\/greensolarvietnam.vn\/?product=thiet-bi-do-ham-luong-nuoc-trong-dat-cs650\",\"url\":\"https:\/\/greensolarvietnam.vn\/?product=thiet-bi-do-ham-luong-nuoc-trong-dat-cs650\",\"name\":\"THI\u1ebeT B\u1eca \u0110O H\u00c0M L\u01af\u1ee2NG N\u01af\u1edaC TRONG \u0110\u1ea4T CS650 - C\u00f4ng ty TNHH \u0111\u1ea7u t\u01b0 v\u00e0 c\u00f4ng ngh\u1ec7 Green Solar Vi\u1ec7t Nam\",\"isPartOf\":{\"@id\":\"https:\/\/greensolarvietnam.vn\/#website\"},\"primaryImageOfPage\":{\"@id\":\"https:\/\/greensolarvietnam.vn\/?product=thiet-bi-do-ham-luong-nuoc-trong-dat-cs650#primaryimage\"},\"image\":{\"@id\":\"https:\/\/greensolarvietnam.vn\/?product=thiet-bi-do-ham-luong-nuoc-trong-dat-cs650#primaryimage\"},\"thumbnailUrl\":\"https:\/\/greensolarvietnam.vn\/wp-content\/uploads\/2024\/04\/CS650.2.jpg\",\"datePublished\":\"2024-04-12T04:25:34+00:00\",\"dateModified\":\"2024-04-12T04:25:35+00:00\",\"breadcrumb\":{\"@id\":\"https:\/\/greensolarvietnam.vn\/?product=thiet-bi-do-ham-luong-nuoc-trong-dat-cs650#breadcrumb\"},\"inLanguage\":\"vi\",\"potentialAction\":[{\"@type\":\"ReadAction\",\"target\":[\"https:\/\/greensolarvietnam.vn\/?product=thiet-bi-do-ham-luong-nuoc-trong-dat-cs650\"]}]},{\"@type\":\"ImageObject\",\"inLanguage\":\"vi\",\"@id\":\"https:\/\/greensolarvietnam.vn\/?product=thiet-bi-do-ham-luong-nuoc-trong-dat-cs650#primaryimage\",\"url\":\"https:\/\/greensolarvietnam.vn\/wp-content\/uploads\/2024\/04\/CS650.2.jpg\",\"contentUrl\":\"https:\/\/greensolarvietnam.vn\/wp-content\/uploads\/2024\/04\/CS650.2.jpg\",\"width\":620,\"height\":419},{\"@type\":\"BreadcrumbList\",\"@id\":\"https:\/\/greensolarvietnam.vn\/?product=thiet-bi-do-ham-luong-nuoc-trong-dat-cs650#breadcrumb\",\"itemListElement\":[{\"@type\":\"ListItem\",\"position\":1,\"name\":\"Trang ch\u1ee7\",\"item\":\"https:\/\/greensolarvietnam.vn\/\"},{\"@type\":\"ListItem\",\"position\":2,\"name\":\"S\u1ea3n ph\u1ea9m\",\"item\":\"https:\/\/greensolarvietnam.vn\/?post_type=product\"},{\"@type\":\"ListItem\",\"position\":3,\"name\":\"THI\u1ebeT B\u1eca \u0110O H\u00c0M L\u01af\u1ee2NG N\u01af\u1edaC TRONG \u0110\u1ea4T CS650\"}]},{\"@type\":\"WebSite\",\"@id\":\"https:\/\/greensolarvietnam.vn\/#website\",\"url\":\"https:\/\/greensolarvietnam.vn\/\",\"name\":\"C\u00f4ng ty TNHH \u0111\u1ea7u t\u01b0 v\u00e0 c\u00f4ng ngh\u1ec7 Green Solar Vi\u1ec7t Nam\",\"description\":\"C\u00f4ng ty TNHH \u0111\u1ea7u t\u01b0 v\u00e0 c\u00f4ng ngh\u1ec7 Green Solar Vi\u1ec7t Nam\",\"publisher\":{\"@id\":\"https:\/\/greensolarvietnam.vn\/#organization\"},\"potentialAction\":[{\"@type\":\"SearchAction\",\"target\":{\"@type\":\"EntryPoint\",\"urlTemplate\":\"https:\/\/greensolarvietnam.vn\/?s={search_term_string}\"},\"query-input\":{\"@type\":\"PropertyValueSpecification\",\"valueRequired\":true,\"valueName\":\"search_term_string\"}}],\"inLanguage\":\"vi\"},{\"@type\":\"Organization\",\"@id\":\"https:\/\/greensolarvietnam.vn\/#organization\",\"name\":\"C\u00f4ng ty TNHH \u0111\u1ea7u t\u01b0 v\u00e0 c\u00f4ng ngh\u1ec7 Green Solar Vi\u1ec7t Nam\",\"url\":\"https:\/\/greensolarvietnam.vn\/\",\"logo\":{\"@type\":\"ImageObject\",\"inLanguage\":\"vi\",\"@id\":\"https:\/\/greensolarvietnam.vn\/#\/schema\/logo\/image\/\",\"url\":\"https:\/\/greensolarvietnam.vn\/wp-content\/uploads\/2025\/08\/cropped-cropped-cropped-Logo-163x68-1.png\",\"contentUrl\":\"https:\/\/greensolarvietnam.vn\/wp-content\/uploads\/2025\/08\/cropped-cropped-cropped-Logo-163x68-1.png\",\"width\":163,\"height\":55,\"caption\":\"C\u00f4ng ty TNHH \u0111\u1ea7u t\u01b0 v\u00e0 c\u00f4ng ngh\u1ec7 Green Solar Vi\u1ec7t Nam\"},\"image\":{\"@id\":\"https:\/\/greensolarvietnam.vn\/#\/schema\/logo\/image\/\"}}]}<\/script>\n<!-- \/ Yoast SEO Premium plugin. -->","yoast_head_json":{"title":"THI\u1ebeT B\u1eca \u0110O H\u00c0M L\u01af\u1ee2NG N\u01af\u1edaC TRONG \u0110\u1ea4T CS650 - C\u00f4ng ty TNHH \u0111\u1ea7u t\u01b0 v\u00e0 c\u00f4ng ngh\u1ec7 Green Solar Vi\u1ec7t Nam","robots":{"index":"index","follow":"follow","max-snippet":"max-snippet:-1","max-image-preview":"max-image-preview:large","max-video-preview":"max-video-preview:-1"},"canonical":"https:\/\/greensolarvietnam.vn\/?product=thiet-bi-do-ham-luong-nuoc-trong-dat-cs650","og_locale":"vi_VN","og_type":"article","og_title":"THI\u1ebeT B\u1eca \u0110O H\u00c0M L\u01af\u1ee2NG N\u01af\u1edaC TRONG \u0110\u1ea4T CS650","og_description":"Thi\u1ebft b\u1ecb \u0111o h\u00e0m l\u01b0\u1ee3ng n\u01b0\u1edbc trong \u0111\u1ea5t CS650\u00a0l\u00e0 m\u1ed9t c\u1ea3m bi\u1ebfn th\u00f4ng minh \u0111a th\u00f4ng s\u1ed1 s\u1eed d\u1ee5ng c\u00e1c k\u1ef9 thu\u1eadt ti\u00ean ti\u1ebfn \u0111\u1ec3 theo d\u00f5i h\u00e0m l\u01b0\u1ee3ng n\u01b0\u1edbc th\u1ec3 t\u00edch trong \u0111\u1ea5t, \u0111\u1ed9 d\u1eabn \u0111i\u1ec7n v\u00e0 nhi\u1ec7t \u0111\u1ed9. N\u00f3 xu\u1ea5t t\u00edn hi\u1ec7u SDI-12 m\u00e0 nhi\u1ec1u b\u1ed9 ghi d\u1eef li\u1ec7u c\u1ee7a ch\u00fang t\u00f4i c\u00f3 th\u1ec3 \u0111o \u0111\u01b0\u1ee3c","og_url":"https:\/\/greensolarvietnam.vn\/?product=thiet-bi-do-ham-luong-nuoc-trong-dat-cs650","og_site_name":"C\u00f4ng ty TNHH \u0111\u1ea7u t\u01b0 v\u00e0 c\u00f4ng ngh\u1ec7 Green Solar Vi\u1ec7t Nam","article_modified_time":"2024-04-12T04:25:35+00:00","og_image":[{"width":620,"height":419,"url":"https:\/\/greensolarvietnam.vn\/wp-content\/uploads\/2024\/04\/CS650.2.jpg","type":"image\/jpeg"}],"twitter_card":"summary_large_image","twitter_misc":{"\u01af\u1edbc t\u00ednh th\u1eddi gian \u0111\u1ecdc":"4 ph\u00fat"},"schema":{"@context":"https:\/\/schema.org","@graph":[{"@type":"WebPage","@id":"https:\/\/greensolarvietnam.vn\/?product=thiet-bi-do-ham-luong-nuoc-trong-dat-cs650","url":"https:\/\/greensolarvietnam.vn\/?product=thiet-bi-do-ham-luong-nuoc-trong-dat-cs650","name":"THI\u1ebeT B\u1eca \u0110O H\u00c0M L\u01af\u1ee2NG N\u01af\u1edaC TRONG \u0110\u1ea4T CS650 - C\u00f4ng ty TNHH \u0111\u1ea7u t\u01b0 v\u00e0 c\u00f4ng ngh\u1ec7 Green Solar Vi\u1ec7t Nam","isPartOf":{"@id":"https:\/\/greensolarvietnam.vn\/#website"},"primaryImageOfPage":{"@id":"https:\/\/greensolarvietnam.vn\/?product=thiet-bi-do-ham-luong-nuoc-trong-dat-cs650#primaryimage"},"image":{"@id":"https:\/\/greensolarvietnam.vn\/?product=thiet-bi-do-ham-luong-nuoc-trong-dat-cs650#primaryimage"},"thumbnailUrl":"https:\/\/greensolarvietnam.vn\/wp-content\/uploads\/2024\/04\/CS650.2.jpg","datePublished":"2024-04-12T04:25:34+00:00","dateModified":"2024-04-12T04:25:35+00:00","breadcrumb":{"@id":"https:\/\/greensolarvietnam.vn\/?product=thiet-bi-do-ham-luong-nuoc-trong-dat-cs650#breadcrumb"},"inLanguage":"vi","potentialAction":[{"@type":"ReadAction","target":["https:\/\/greensolarvietnam.vn\/?product=thiet-bi-do-ham-luong-nuoc-trong-dat-cs650"]}]},{"@type":"ImageObject","inLanguage":"vi","@id":"https:\/\/greensolarvietnam.vn\/?product=thiet-bi-do-ham-luong-nuoc-trong-dat-cs650#primaryimage","url":"https:\/\/greensolarvietnam.vn\/wp-content\/uploads\/2024\/04\/CS650.2.jpg","contentUrl":"https:\/\/greensolarvietnam.vn\/wp-content\/uploads\/2024\/04\/CS650.2.jpg","width":620,"height":419},{"@type":"BreadcrumbList","@id":"https:\/\/greensolarvietnam.vn\/?product=thiet-bi-do-ham-luong-nuoc-trong-dat-cs650#breadcrumb","itemListElement":[{"@type":"ListItem","position":1,"name":"Trang ch\u1ee7","item":"https:\/\/greensolarvietnam.vn\/"},{"@type":"ListItem","position":2,"name":"S\u1ea3n ph\u1ea9m","item":"https:\/\/greensolarvietnam.vn\/?post_type=product"},{"@type":"ListItem","position":3,"name":"THI\u1ebeT B\u1eca \u0110O H\u00c0M L\u01af\u1ee2NG N\u01af\u1edaC TRONG \u0110\u1ea4T CS650"}]},{"@type":"WebSite","@id":"https:\/\/greensolarvietnam.vn\/#website","url":"https:\/\/greensolarvietnam.vn\/","name":"C\u00f4ng ty TNHH \u0111\u1ea7u t\u01b0 v\u00e0 c\u00f4ng ngh\u1ec7 Green Solar Vi\u1ec7t Nam","description":"C\u00f4ng ty TNHH \u0111\u1ea7u t\u01b0 v\u00e0 c\u00f4ng ngh\u1ec7 Green Solar Vi\u1ec7t Nam","publisher":{"@id":"https:\/\/greensolarvietnam.vn\/#organization"},"potentialAction":[{"@type":"SearchAction","target":{"@type":"EntryPoint","urlTemplate":"https:\/\/greensolarvietnam.vn\/?s={search_term_string}"},"query-input":{"@type":"PropertyValueSpecification","valueRequired":true,"valueName":"search_term_string"}}],"inLanguage":"vi"},{"@type":"Organization","@id":"https:\/\/greensolarvietnam.vn\/#organization","name":"C\u00f4ng ty TNHH \u0111\u1ea7u t\u01b0 v\u00e0 c\u00f4ng ngh\u1ec7 Green Solar Vi\u1ec7t Nam","url":"https:\/\/greensolarvietnam.vn\/","logo":{"@type":"ImageObject","inLanguage":"vi","@id":"https:\/\/greensolarvietnam.vn\/#\/schema\/logo\/image\/","url":"https:\/\/greensolarvietnam.vn\/wp-content\/uploads\/2025\/08\/cropped-cropped-cropped-Logo-163x68-1.png","contentUrl":"https:\/\/greensolarvietnam.vn\/wp-content\/uploads\/2025\/08\/cropped-cropped-cropped-Logo-163x68-1.png","width":163,"height":55,"caption":"C\u00f4ng ty TNHH \u0111\u1ea7u t\u01b0 v\u00e0 c\u00f4ng ngh\u1ec7 Green Solar Vi\u1ec7t Nam"},"image":{"@id":"https:\/\/greensolarvietnam.vn\/#\/schema\/logo\/image\/"}}]}},"_links":{"self":[{"href":"https:\/\/greensolarvietnam.vn\/index.php?rest_route=\/wp\/v2\/product\/16766","targetHints":{"allow":["GET"]}}],"collection":[{"href":"https:\/\/greensolarvietnam.vn\/index.php?rest_route=\/wp\/v2\/product"}],"about":[{"href":"https:\/\/greensolarvietnam.vn\/index.php?rest_route=\/wp\/v2\/types\/product"}],"replies":[{"embeddable":true,"href":"https:\/\/greensolarvietnam.vn\/index.php?rest_route=%2Fwp%2Fv2%2Fcomments&post=16766"}],"wp:featuredmedia":[{"embeddable":true,"href":"https:\/\/greensolarvietnam.vn\/index.php?rest_route=\/wp\/v2\/media\/16767"}],"wp:attachment":[{"href":"https:\/\/greensolarvietnam.vn\/index.php?rest_route=%2Fwp%2Fv2%2Fmedia&parent=16766"}],"wp:term":[{"taxonomy":"product_cat","embeddable":true,"href":"https:\/\/greensolarvietnam.vn\/index.php?rest_route=%2Fwp%2Fv2%2Fproduct_cat&post=16766"},{"taxonomy":"product_tag","embeddable":true,"href":"https:\/\/greensolarvietnam.vn\/index.php?rest_route=%2Fwp%2Fv2%2Fproduct_tag&post=16766"}],"curies":[{"name":"wp","href":"https:\/\/api.w.org\/{rel}","templated":true}]}}