{"id":16778,"date":"2024-04-12T04:34:23","date_gmt":"2024-04-12T04:34:23","guid":{"rendered":"https:\/\/greensolarvietnam.vn\/?post_type=product&#038;p=16778"},"modified":"2024-04-12T04:34:23","modified_gmt":"2024-04-12T04:34:23","slug":"thiet-bi-do-buc-xa-cs301","status":"publish","type":"product","link":"https:\/\/greensolarvietnam.vn\/?product=thiet-bi-do-buc-xa-cs301","title":{"rendered":"THI\u1ebeT B\u1eca \u0110O B\u1ee8C X\u1ea0 CS301"},"content":{"rendered":"<p><strong>Th\u00f4ng S\u1ed1 K\u1ef9 Thu\u1eadt CS301<\/strong><\/p>\n<table width=\"616\">\n<tbody>\n<tr>\n<td width=\"157\"><strong>T\u00ean s\u1ea3n ph\u1ea9m<\/strong><\/td>\n<td width=\"459\"><strong>CS301<\/strong><\/td>\n<\/tr>\n<tr>\n<td>C\u1ea3m bi\u1ebfn<\/td>\n<td>M\u00e1y d\u00f2 quang \u0111i\u1ec7n silicon g\u1eafn trong \u0111\u1ea7u hi\u1ec7u ch\u1ec9nh cosin<\/td>\n<\/tr>\n<tr>\n<td>M\u00f4 t\u1ea3 ph\u00e9p \u0111o<\/td>\n<td>\u0110o m\u1eb7t tr\u1eddi c\u1ed9ng v\u1edbi b\u1ee9c x\u1ea1 b\u1ea7u tr\u1eddi<\/td>\n<\/tr>\n<tr>\n<td width=\"157\">Ph\u00e2n lo\u1ea1i ISO<\/td>\n<td width=\"459\">Class C (h\u1ea1ng hai)<\/td>\n<\/tr>\n<tr>\n<td width=\"157\">D\u1ea3i s\u00f3ng quang ph\u1ed5 \u00e1nh s\u00e1ng<\/td>\n<td width=\"459\">360 \u0111\u1ebfn 1120 nm (b\u01b0\u1edbc s\u00f3ng c\u00f3 \u0111\u1ed9 ph\u1ea3n h\u1ed3i t\u1ed1i \u0111a l\u00e0 10%)<\/td>\n<\/tr>\n<tr>\n<td width=\"157\">Ph\u1ea1m vi \u0111o l\u01b0\u1eddng<\/td>\n<td width=\"459\">0 \u0111\u1ebfn 2000 W\/m2 (\u00e1nh s\u00e1ng m\u1eb7t tr\u1eddi \u0111\u1ea7y \u0111\u1ee7 \u22481000 W\/m2)<\/td>\n<\/tr>\n<tr>\n<td width=\"157\">Ph\u1ea1m vi \u0111\u1ea7u ra<\/td>\n<td width=\"459\">0 \u0111\u1ebfn 400 mV (\u0111\u1ea7u ra to\u00e0n thang \u0111o)<\/td>\n<\/tr>\n<tr>\n<td width=\"157\">\u0110\u1ed9 ch\u00ednh x\u00e1c tuy\u1ec7t \u0111\u1ed1i<\/td>\n<td width=\"459\">\u00b15% \u0111\u1ed1i v\u1edbi t\u1ed5ng b\u1ee9c x\u1ea1 h\u00e0ng ng\u00e0y<\/td>\n<\/tr>\n<tr>\n<td width=\"157\">D\u1ea3i quang ph\u1ed5<\/td>\n<td width=\"459\">360 \u0111\u1ebfn 1120nm<\/td>\n<\/tr>\n<tr>\n<td width=\"157\">H\u1ec7 s\u1ed1 hi\u1ec7u chu\u1ea9n<\/td>\n<td width=\"459\">5 W\/m2\/mV<\/td>\n<\/tr>\n<tr>\n<td width=\"157\">Cosine s\u1eeda l\u1ed7i<\/td>\n<td width=\"459\">\u00b15% \u1edf g\u00f3c thi\u00ean \u0111\u1ec9nh 75\u00b0; \u00b12% \u1edf g\u00f3c thi\u00ean \u0111\u1ec9nh 45\u00b0<\/td>\n<\/tr>\n<tr>\n<td width=\"157\">\u0110\u00e1p \u1ee9ng nhi\u1ec7t \u0111\u1ed9<\/td>\n<td width=\"459\">0,04 \u00b1 0,04% m\u1ed7i \u00b0C<\/td>\n<\/tr>\n<tr>\n<td width=\"157\">Th\u1eddi gian \u0111\u00e1p \u1ee9ng<\/td>\n<td width=\"459\">&lt; 1 mili gi\u00e2y<\/td>\n<\/tr>\n<tr>\n<td>S\u1ef1 \u1ed5n \u0111\u1ecbnh l\u00e2u d\u00e0i<\/td>\n<td>&lt; 2% m\u1ed7i n\u0103m<\/td>\n<\/tr>\n<tr>\n<td>Nhi\u1ec7t \u0111\u1ed9 ho\u1ea1t \u0111\u1ed9ng<\/td>\n<td>-40\u00b0 \u0111\u1ebfn +70\u00b0C<\/td>\n<\/tr>\n<tr>\n<td>Ph\u1ea1m vi \u0111\u1ed9 \u1ea9m t\u01b0\u01a1ng \u0111\u1ed1i<\/td>\n<td>0 \u0111\u1ebfn 100%<\/td>\n<\/tr>\n<tr>\n<td>Nh\u1ea1y c\u1ea3m<\/td>\n<td>0,2 mV\/W\/m2<\/td>\n<\/tr>\n<tr>\n<td>\u0110\u01b0\u1eddng k\u00ednh<\/td>\n<td>2,4 cm (0,9 inch)<\/td>\n<\/tr>\n<tr>\n<td>Chi\u1ec1u cao<\/td>\n<td>2,5 cm (1,0 inch)<\/td>\n<\/tr>\n<tr>\n<td>C\u00e2n n\u1eb7ng<\/td>\n<td>65 g (2,3 oz) v\u1edbi d\u00e2y d\u1eabn 2 m (6,6 ft)<\/td>\n<\/tr>\n<\/tbody>\n<\/table>\n<p><strong>T\u00ednh n\u0103ng \u0111\u1eb7c bi\u1ec7t c\u1ee7a CS301<\/strong><\/p>\n<ul>\n<li>T\u01b0\u01a1ng th\u00edch v\u1edbi h\u1ea7u h\u1ebft c\u00e1c b\u1ed9 ghi d\u1eef li\u1ec7u c\u1ee7a Campbell Khoa h\u1ecdc<\/li>\n<li>\u0110\u01b0\u1ee3c thi\u1ebft k\u1ebf \u0111\u1ec3 ho\u1ea1t \u0111\u1ed9ng li\u00ean t\u1ee5c, l\u00e2u d\u00e0i, kh\u00f4ng c\u1ea7n gi\u00e1m s\u00e1t trong c\u00e1c \u0111i\u1ec1u ki\u1ec7n b\u1ea5t l\u1ee3i<\/li>\n<li>D\u1ea3i s\u00f3ng \u0111o t\u1eeb 360 \u0111\u1ebfn 1120nm<\/li>\n<li>\u0110\u1ea7u h\u00ecnh v\u00f2m ng\u0103n n\u01b0\u1edbc t\u00edch t\u1ee5 tr\u00ean \u0111\u1ea7u c\u1ea3m bi\u1ebfn<\/li>\n<\/ul>\n","protected":false},"excerpt":{"rendered":"<p><strong>Thi\u1ebft b\u1ecb \u0111o b\u1ee9c x\u1ea1 CS301<\/strong>, do Apogee Instruments s\u1ea3n xu\u1ea5t, \u0111o t\u1ed5ng b\u1ee9c x\u1ea1 m\u1eb7t tr\u1eddi c\u1ee7a m\u1eb7t tr\u1eddi v\u00e0 b\u1ea7u tr\u1eddi cho c\u00e1c \u1ee9ng d\u1ee5ng n\u0103ng l\u01b0\u1ee3ng m\u1eb7t tr\u1eddi, n\u00f4ng nghi\u1ec7p, kh\u00ed t\u01b0\u1ee3ng v\u00e0 th\u1ee7y v\u0103n. D\u1ea3i quang ph\u1ed5 c\u1ee7a n\u00f3 t\u1eeb 360 \u0111\u1ebfn 1120 nanomet bao g\u1ed3m h\u1ea7u h\u1ebft c\u00e1c b\u1ee9c x\u1ea1 s\u00f3ng ng\u1eafn ch\u1ea1m t\u1edbi b\u1ec1 m\u1eb7t Tr\u00e1i \u0111\u1ea5t. Do\u00a0<strong>CS301<\/strong>\u00a0k\u1ebft n\u1ed1i tr\u1ef1c ti\u1ebfp v\u1edbi b\u1ed9 ghi d\u1eef li\u1ec7u c\u1ee7a Campbell, \u0111\u1ea7u ra c\u1ee7a m\u00e1y \u0111o t\u1ef7 tr\u1ecdng n\u00e0y c\u00f3 th\u1ec3 \u0111\u01b0\u1ee3c thu th\u1eadp t\u1ea1i ch\u1ed7 c\u0169ng nh\u01b0 t\u1eeb xa<\/p>\n<p>M\u00e1y \u0111o h\u1ecfa l\u1ef1c n\u00e0y c\u00f3 \u0111\u1ea7u n\u1ed1i 316L c\u1ea5p h\u00e0ng h\u1ea3i, \u0111\u01b0\u1ee3c x\u1ebfp h\u1ea1ng IP67 cho ph\u00e9p ng\u01b0\u1eddi d\u00f9ng d\u1ec5 d\u00e0ng ho\u00e1n<\/p>\n","protected":false},"featured_media":16779,"comment_status":"closed","ping_status":"closed","template":"","meta":{"site-sidebar-layout":"default","site-content-layout":"default","ast-global-header-display":"","ast-main-header-display":"","ast-hfb-above-header-display":"","ast-hfb-below-header-display":"","ast-hfb-mobile-header-display":"","site-post-title":"","ast-breadcrumbs-content":"","ast-featured-img":"","footer-sml-layout":"","theme-transparent-header-meta":"default","adv-header-id-meta":"","stick-header-meta":"","header-above-stick-meta":"","header-main-stick-meta":"","header-below-stick-meta":""},"product_cat":[200],"product_tag":[],"class_list":{"0":"post-16778","1":"product","2":"type-product","3":"status-publish","4":"has-post-thumbnail","6":"product_cat-vat-tu-thiet-bi-cho-nha-may-nltt","8":"first","9":"instock","10":"shipping-taxable","11":"product-type-simple"},"yoast_head":"<!-- This site is optimized with the Yoast SEO Premium plugin v23.9 (Yoast SEO v24.4) - https:\/\/yoast.com\/wordpress\/plugins\/seo\/ -->\n<title>THI\u1ebeT B\u1eca \u0110O B\u1ee8C X\u1ea0 CS301 - C\u00f4ng ty TNHH \u0111\u1ea7u t\u01b0 v\u00e0 c\u00f4ng ngh\u1ec7 Green Solar Vi\u1ec7t Nam<\/title>\n<meta name=\"robots\" content=\"index, follow, max-snippet:-1, max-image-preview:large, max-video-preview:-1\" \/>\n<link rel=\"canonical\" href=\"https:\/\/greensolarvietnam.vn\/?product=thiet-bi-do-buc-xa-cs301\" \/>\n<meta property=\"og:locale\" content=\"vi_VN\" \/>\n<meta property=\"og:type\" content=\"article\" \/>\n<meta property=\"og:title\" content=\"THI\u1ebeT B\u1eca \u0110O B\u1ee8C X\u1ea0 CS301\" \/>\n<meta property=\"og:description\" content=\"Thi\u1ebft b\u1ecb \u0111o b\u1ee9c x\u1ea1 CS301, do Apogee Instruments s\u1ea3n xu\u1ea5t, \u0111o t\u1ed5ng b\u1ee9c x\u1ea1 m\u1eb7t tr\u1eddi c\u1ee7a m\u1eb7t tr\u1eddi v\u00e0 b\u1ea7u tr\u1eddi cho c\u00e1c \u1ee9ng d\u1ee5ng n\u0103ng l\u01b0\u1ee3ng m\u1eb7t tr\u1eddi, n\u00f4ng nghi\u1ec7p, kh\u00ed t\u01b0\u1ee3ng v\u00e0 th\u1ee7y v\u0103n. D\u1ea3i quang ph\u1ed5 c\u1ee7a n\u00f3 t\u1eeb 360 \u0111\u1ebfn 1120 nanomet bao g\u1ed3m h\u1ea7u h\u1ebft c\u00e1c b\u1ee9c x\u1ea1 s\u00f3ng ng\u1eafn ch\u1ea1m t\u1edbi b\u1ec1 m\u1eb7t Tr\u00e1i \u0111\u1ea5t. Do\u00a0CS301\u00a0k\u1ebft n\u1ed1i tr\u1ef1c ti\u1ebfp v\u1edbi b\u1ed9 ghi d\u1eef li\u1ec7u c\u1ee7a Campbell, \u0111\u1ea7u ra c\u1ee7a m\u00e1y \u0111o t\u1ef7 tr\u1ecdng n\u00e0y c\u00f3 th\u1ec3 \u0111\u01b0\u1ee3c thu th\u1eadp t\u1ea1i ch\u1ed7 c\u0169ng nh\u01b0 t\u1eeb xa  M\u00e1y \u0111o h\u1ecfa l\u1ef1c n\u00e0y c\u00f3 \u0111\u1ea7u n\u1ed1i 316L c\u1ea5p h\u00e0ng h\u1ea3i, \u0111\u01b0\u1ee3c x\u1ebfp h\u1ea1ng IP67 cho ph\u00e9p ng\u01b0\u1eddi d\u00f9ng d\u1ec5 d\u00e0ng ho\u00e1n\" \/>\n<meta property=\"og:url\" content=\"https:\/\/greensolarvietnam.vn\/?product=thiet-bi-do-buc-xa-cs301\" \/>\n<meta property=\"og:site_name\" content=\"C\u00f4ng ty TNHH \u0111\u1ea7u t\u01b0 v\u00e0 c\u00f4ng ngh\u1ec7 Green Solar Vi\u1ec7t Nam\" \/>\n<meta property=\"og:image\" content=\"https:\/\/greensolarvietnam.vn\/wp-content\/uploads\/2024\/04\/CS301-1.jpg\" \/>\n\t<meta property=\"og:image:width\" content=\"832\" \/>\n\t<meta property=\"og:image:height\" content=\"312\" \/>\n\t<meta property=\"og:image:type\" content=\"image\/jpeg\" \/>\n<meta name=\"twitter:card\" content=\"summary_large_image\" \/>\n<meta name=\"twitter:label1\" content=\"\u01af\u1edbc t\u00ednh th\u1eddi gian \u0111\u1ecdc\" \/>\n\t<meta name=\"twitter:data1\" content=\"2 ph\u00fat\" \/>\n<script type=\"application\/ld+json\" class=\"yoast-schema-graph\">{\"@context\":\"https:\/\/schema.org\",\"@graph\":[{\"@type\":\"WebPage\",\"@id\":\"https:\/\/greensolarvietnam.vn\/?product=thiet-bi-do-buc-xa-cs301\",\"url\":\"https:\/\/greensolarvietnam.vn\/?product=thiet-bi-do-buc-xa-cs301\",\"name\":\"THI\u1ebeT B\u1eca \u0110O B\u1ee8C X\u1ea0 CS301 - C\u00f4ng ty TNHH \u0111\u1ea7u t\u01b0 v\u00e0 c\u00f4ng ngh\u1ec7 Green Solar Vi\u1ec7t Nam\",\"isPartOf\":{\"@id\":\"https:\/\/greensolarvietnam.vn\/#website\"},\"primaryImageOfPage\":{\"@id\":\"https:\/\/greensolarvietnam.vn\/?product=thiet-bi-do-buc-xa-cs301#primaryimage\"},\"image\":{\"@id\":\"https:\/\/greensolarvietnam.vn\/?product=thiet-bi-do-buc-xa-cs301#primaryimage\"},\"thumbnailUrl\":\"https:\/\/greensolarvietnam.vn\/wp-content\/uploads\/2024\/04\/CS301-1.jpg\",\"datePublished\":\"2024-04-12T04:34:23+00:00\",\"breadcrumb\":{\"@id\":\"https:\/\/greensolarvietnam.vn\/?product=thiet-bi-do-buc-xa-cs301#breadcrumb\"},\"inLanguage\":\"vi\",\"potentialAction\":[{\"@type\":\"ReadAction\",\"target\":[\"https:\/\/greensolarvietnam.vn\/?product=thiet-bi-do-buc-xa-cs301\"]}]},{\"@type\":\"ImageObject\",\"inLanguage\":\"vi\",\"@id\":\"https:\/\/greensolarvietnam.vn\/?product=thiet-bi-do-buc-xa-cs301#primaryimage\",\"url\":\"https:\/\/greensolarvietnam.vn\/wp-content\/uploads\/2024\/04\/CS301-1.jpg\",\"contentUrl\":\"https:\/\/greensolarvietnam.vn\/wp-content\/uploads\/2024\/04\/CS301-1.jpg\",\"width\":832,\"height\":312},{\"@type\":\"BreadcrumbList\",\"@id\":\"https:\/\/greensolarvietnam.vn\/?product=thiet-bi-do-buc-xa-cs301#breadcrumb\",\"itemListElement\":[{\"@type\":\"ListItem\",\"position\":1,\"name\":\"Trang ch\u1ee7\",\"item\":\"https:\/\/greensolarvietnam.vn\/\"},{\"@type\":\"ListItem\",\"position\":2,\"name\":\"S\u1ea3n ph\u1ea9m\",\"item\":\"https:\/\/greensolarvietnam.vn\/?post_type=product\"},{\"@type\":\"ListItem\",\"position\":3,\"name\":\"THI\u1ebeT B\u1eca \u0110O B\u1ee8C X\u1ea0 CS301\"}]},{\"@type\":\"WebSite\",\"@id\":\"https:\/\/greensolarvietnam.vn\/#website\",\"url\":\"https:\/\/greensolarvietnam.vn\/\",\"name\":\"C\u00f4ng ty TNHH \u0111\u1ea7u t\u01b0 v\u00e0 c\u00f4ng ngh\u1ec7 Green Solar Vi\u1ec7t Nam\",\"description\":\"C\u00f4ng ty TNHH \u0111\u1ea7u t\u01b0 v\u00e0 c\u00f4ng ngh\u1ec7 Green Solar Vi\u1ec7t Nam\",\"publisher\":{\"@id\":\"https:\/\/greensolarvietnam.vn\/#organization\"},\"potentialAction\":[{\"@type\":\"SearchAction\",\"target\":{\"@type\":\"EntryPoint\",\"urlTemplate\":\"https:\/\/greensolarvietnam.vn\/?s={search_term_string}\"},\"query-input\":{\"@type\":\"PropertyValueSpecification\",\"valueRequired\":true,\"valueName\":\"search_term_string\"}}],\"inLanguage\":\"vi\"},{\"@type\":\"Organization\",\"@id\":\"https:\/\/greensolarvietnam.vn\/#organization\",\"name\":\"C\u00f4ng ty TNHH \u0111\u1ea7u t\u01b0 v\u00e0 c\u00f4ng ngh\u1ec7 Green Solar Vi\u1ec7t Nam\",\"url\":\"https:\/\/greensolarvietnam.vn\/\",\"logo\":{\"@type\":\"ImageObject\",\"inLanguage\":\"vi\",\"@id\":\"https:\/\/greensolarvietnam.vn\/#\/schema\/logo\/image\/\",\"url\":\"https:\/\/greensolarvietnam.vn\/wp-content\/uploads\/2025\/08\/cropped-cropped-cropped-Logo-163x68-1.png\",\"contentUrl\":\"https:\/\/greensolarvietnam.vn\/wp-content\/uploads\/2025\/08\/cropped-cropped-cropped-Logo-163x68-1.png\",\"width\":163,\"height\":55,\"caption\":\"C\u00f4ng ty TNHH \u0111\u1ea7u t\u01b0 v\u00e0 c\u00f4ng ngh\u1ec7 Green Solar Vi\u1ec7t Nam\"},\"image\":{\"@id\":\"https:\/\/greensolarvietnam.vn\/#\/schema\/logo\/image\/\"}}]}<\/script>\n<!-- \/ Yoast SEO Premium plugin. -->","yoast_head_json":{"title":"THI\u1ebeT B\u1eca \u0110O B\u1ee8C X\u1ea0 CS301 - C\u00f4ng ty TNHH \u0111\u1ea7u t\u01b0 v\u00e0 c\u00f4ng ngh\u1ec7 Green Solar Vi\u1ec7t Nam","robots":{"index":"index","follow":"follow","max-snippet":"max-snippet:-1","max-image-preview":"max-image-preview:large","max-video-preview":"max-video-preview:-1"},"canonical":"https:\/\/greensolarvietnam.vn\/?product=thiet-bi-do-buc-xa-cs301","og_locale":"vi_VN","og_type":"article","og_title":"THI\u1ebeT B\u1eca \u0110O B\u1ee8C X\u1ea0 CS301","og_description":"Thi\u1ebft b\u1ecb \u0111o b\u1ee9c x\u1ea1 CS301, do Apogee Instruments s\u1ea3n xu\u1ea5t, \u0111o t\u1ed5ng b\u1ee9c x\u1ea1 m\u1eb7t tr\u1eddi c\u1ee7a m\u1eb7t tr\u1eddi v\u00e0 b\u1ea7u tr\u1eddi cho c\u00e1c \u1ee9ng d\u1ee5ng n\u0103ng l\u01b0\u1ee3ng m\u1eb7t tr\u1eddi, n\u00f4ng nghi\u1ec7p, kh\u00ed t\u01b0\u1ee3ng v\u00e0 th\u1ee7y v\u0103n. D\u1ea3i quang ph\u1ed5 c\u1ee7a n\u00f3 t\u1eeb 360 \u0111\u1ebfn 1120 nanomet bao g\u1ed3m h\u1ea7u h\u1ebft c\u00e1c b\u1ee9c x\u1ea1 s\u00f3ng ng\u1eafn ch\u1ea1m t\u1edbi b\u1ec1 m\u1eb7t Tr\u00e1i \u0111\u1ea5t. Do\u00a0CS301\u00a0k\u1ebft n\u1ed1i tr\u1ef1c ti\u1ebfp v\u1edbi b\u1ed9 ghi d\u1eef li\u1ec7u c\u1ee7a Campbell, \u0111\u1ea7u ra c\u1ee7a m\u00e1y \u0111o t\u1ef7 tr\u1ecdng n\u00e0y c\u00f3 th\u1ec3 \u0111\u01b0\u1ee3c thu th\u1eadp t\u1ea1i ch\u1ed7 c\u0169ng nh\u01b0 t\u1eeb xa  M\u00e1y \u0111o h\u1ecfa l\u1ef1c n\u00e0y c\u00f3 \u0111\u1ea7u n\u1ed1i 316L c\u1ea5p h\u00e0ng h\u1ea3i, \u0111\u01b0\u1ee3c x\u1ebfp h\u1ea1ng IP67 cho ph\u00e9p ng\u01b0\u1eddi d\u00f9ng d\u1ec5 d\u00e0ng ho\u00e1n","og_url":"https:\/\/greensolarvietnam.vn\/?product=thiet-bi-do-buc-xa-cs301","og_site_name":"C\u00f4ng ty TNHH \u0111\u1ea7u t\u01b0 v\u00e0 c\u00f4ng ngh\u1ec7 Green Solar Vi\u1ec7t Nam","og_image":[{"width":832,"height":312,"url":"https:\/\/greensolarvietnam.vn\/wp-content\/uploads\/2024\/04\/CS301-1.jpg","type":"image\/jpeg"}],"twitter_card":"summary_large_image","twitter_misc":{"\u01af\u1edbc t\u00ednh th\u1eddi gian \u0111\u1ecdc":"2 ph\u00fat"},"schema":{"@context":"https:\/\/schema.org","@graph":[{"@type":"WebPage","@id":"https:\/\/greensolarvietnam.vn\/?product=thiet-bi-do-buc-xa-cs301","url":"https:\/\/greensolarvietnam.vn\/?product=thiet-bi-do-buc-xa-cs301","name":"THI\u1ebeT B\u1eca \u0110O B\u1ee8C X\u1ea0 CS301 - C\u00f4ng ty TNHH \u0111\u1ea7u t\u01b0 v\u00e0 c\u00f4ng ngh\u1ec7 Green Solar Vi\u1ec7t Nam","isPartOf":{"@id":"https:\/\/greensolarvietnam.vn\/#website"},"primaryImageOfPage":{"@id":"https:\/\/greensolarvietnam.vn\/?product=thiet-bi-do-buc-xa-cs301#primaryimage"},"image":{"@id":"https:\/\/greensolarvietnam.vn\/?product=thiet-bi-do-buc-xa-cs301#primaryimage"},"thumbnailUrl":"https:\/\/greensolarvietnam.vn\/wp-content\/uploads\/2024\/04\/CS301-1.jpg","datePublished":"2024-04-12T04:34:23+00:00","breadcrumb":{"@id":"https:\/\/greensolarvietnam.vn\/?product=thiet-bi-do-buc-xa-cs301#breadcrumb"},"inLanguage":"vi","potentialAction":[{"@type":"ReadAction","target":["https:\/\/greensolarvietnam.vn\/?product=thiet-bi-do-buc-xa-cs301"]}]},{"@type":"ImageObject","inLanguage":"vi","@id":"https:\/\/greensolarvietnam.vn\/?product=thiet-bi-do-buc-xa-cs301#primaryimage","url":"https:\/\/greensolarvietnam.vn\/wp-content\/uploads\/2024\/04\/CS301-1.jpg","contentUrl":"https:\/\/greensolarvietnam.vn\/wp-content\/uploads\/2024\/04\/CS301-1.jpg","width":832,"height":312},{"@type":"BreadcrumbList","@id":"https:\/\/greensolarvietnam.vn\/?product=thiet-bi-do-buc-xa-cs301#breadcrumb","itemListElement":[{"@type":"ListItem","position":1,"name":"Trang ch\u1ee7","item":"https:\/\/greensolarvietnam.vn\/"},{"@type":"ListItem","position":2,"name":"S\u1ea3n ph\u1ea9m","item":"https:\/\/greensolarvietnam.vn\/?post_type=product"},{"@type":"ListItem","position":3,"name":"THI\u1ebeT B\u1eca \u0110O B\u1ee8C X\u1ea0 CS301"}]},{"@type":"WebSite","@id":"https:\/\/greensolarvietnam.vn\/#website","url":"https:\/\/greensolarvietnam.vn\/","name":"C\u00f4ng ty TNHH \u0111\u1ea7u t\u01b0 v\u00e0 c\u00f4ng ngh\u1ec7 Green Solar Vi\u1ec7t Nam","description":"C\u00f4ng ty TNHH \u0111\u1ea7u t\u01b0 v\u00e0 c\u00f4ng ngh\u1ec7 Green Solar Vi\u1ec7t Nam","publisher":{"@id":"https:\/\/greensolarvietnam.vn\/#organization"},"potentialAction":[{"@type":"SearchAction","target":{"@type":"EntryPoint","urlTemplate":"https:\/\/greensolarvietnam.vn\/?s={search_term_string}"},"query-input":{"@type":"PropertyValueSpecification","valueRequired":true,"valueName":"search_term_string"}}],"inLanguage":"vi"},{"@type":"Organization","@id":"https:\/\/greensolarvietnam.vn\/#organization","name":"C\u00f4ng ty TNHH \u0111\u1ea7u t\u01b0 v\u00e0 c\u00f4ng ngh\u1ec7 Green Solar Vi\u1ec7t Nam","url":"https:\/\/greensolarvietnam.vn\/","logo":{"@type":"ImageObject","inLanguage":"vi","@id":"https:\/\/greensolarvietnam.vn\/#\/schema\/logo\/image\/","url":"https:\/\/greensolarvietnam.vn\/wp-content\/uploads\/2025\/08\/cropped-cropped-cropped-Logo-163x68-1.png","contentUrl":"https:\/\/greensolarvietnam.vn\/wp-content\/uploads\/2025\/08\/cropped-cropped-cropped-Logo-163x68-1.png","width":163,"height":55,"caption":"C\u00f4ng ty TNHH \u0111\u1ea7u t\u01b0 v\u00e0 c\u00f4ng ngh\u1ec7 Green Solar Vi\u1ec7t Nam"},"image":{"@id":"https:\/\/greensolarvietnam.vn\/#\/schema\/logo\/image\/"}}]}},"_links":{"self":[{"href":"https:\/\/greensolarvietnam.vn\/index.php?rest_route=\/wp\/v2\/product\/16778","targetHints":{"allow":["GET"]}}],"collection":[{"href":"https:\/\/greensolarvietnam.vn\/index.php?rest_route=\/wp\/v2\/product"}],"about":[{"href":"https:\/\/greensolarvietnam.vn\/index.php?rest_route=\/wp\/v2\/types\/product"}],"replies":[{"embeddable":true,"href":"https:\/\/greensolarvietnam.vn\/index.php?rest_route=%2Fwp%2Fv2%2Fcomments&post=16778"}],"wp:featuredmedia":[{"embeddable":true,"href":"https:\/\/greensolarvietnam.vn\/index.php?rest_route=\/wp\/v2\/media\/16779"}],"wp:attachment":[{"href":"https:\/\/greensolarvietnam.vn\/index.php?rest_route=%2Fwp%2Fv2%2Fmedia&parent=16778"}],"wp:term":[{"taxonomy":"product_cat","embeddable":true,"href":"https:\/\/greensolarvietnam.vn\/index.php?rest_route=%2Fwp%2Fv2%2Fproduct_cat&post=16778"},{"taxonomy":"product_tag","embeddable":true,"href":"https:\/\/greensolarvietnam.vn\/index.php?rest_route=%2Fwp%2Fv2%2Fproduct_tag&post=16778"}],"curies":[{"name":"wp","href":"https:\/\/api.w.org\/{rel}","templated":true}]}}